{"id":9011,"date":"2021-12-17T14:46:11","date_gmt":"2021-12-17T13:46:11","guid":{"rendered":"https:\/\/rivegauche-magazine.ch\/?page_id=9011"},"modified":"2021-12-21T09:37:28","modified_gmt":"2021-12-21T08:37:28","slug":"la-naissance-de-la-terre","status":"publish","type":"page","link":"https:\/\/geneve-et-vous-magazine.ch\/index.php\/nature-conseils\/la-naissance-de-la-terre\/","title":{"rendered":"la naissance de la terre"},"content":{"rendered":"<p>[et_pb_section fb_built=\u00a0\u00bb1&Prime; _builder_version=\u00a0\u00bb4.14.2&Prime; _module_preset=\u00a0\u00bbdefault\u00a0\u00bb global_colors_info=\u00a0\u00bb{}\u00a0\u00bb][\/et_pb_section][et_pb_section fb_built=\u00a0\u00bb1&Prime; _builder_version=\u00a0\u00bb3.22.7&Prime; global_colors_info=\u00a0\u00bb{}\u00a0\u00bb][et_pb_row _builder_version=\u00a0\u00bb3.25&Prime; global_colors_info=\u00a0\u00bb{}\u00a0\u00bb][et_pb_column type=\u00a0\u00bb4_4&Prime; _builder_version=\u00a0\u00bb3.25&Prime; custom_padding=\u00a0\u00bb|||\u00a0\u00bb global_colors_info=\u00a0\u00bb{}\u00a0\u00bb custom_padding__hover=\u00a0\u00bb|||\u00a0\u00bb][et_pb_text admin_label=\u00a0\u00bbTITRE\u00a0\u00bb _builder_version=\u00a0\u00bb4.14.2&Prime; header_font=\u00a0\u00bb|||||on|||\u00a0\u00bb header_text_align=\u00a0\u00bbleft\u00a0\u00bb header_text_color=\u00a0\u00bb#000000&Prime; header_font_size=\u00a0\u00bb48px\u00a0\u00bb custom_margin=\u00a0\u00bb|||\u00a0\u00bb header_font_size_tablet=\u00a0\u00bb36px\u00a0\u00bb header_font_size_phone=\u00a0\u00bb24px\u00a0\u00bb header_font_size_last_edited=\u00a0\u00bbon|tablet\u00a0\u00bb global_colors_info=\u00a0\u00bb{}\u00a0\u00bb]<\/p>\n<h1 style=\"text-align: center;\"><span style=\"color: #99cc00;\">La naissance de la terre<\/span><span style=\"color: #f68b48;\"><\/span><\/h1>\n<p>[\/et_pb_text][et_pb_text admin_label=\u00a0\u00bbINTRO\u00a0\u00bb _builder_version=\u00a0\u00bb4.14.2&Prime; global_colors_info=\u00a0\u00bb{}\u00a0\u00bb]<\/p>\n<h4 style=\"text-align: center;\"><span style=\"color: #008000;\"><strong>D\u2019o\u00f9 vient la terre, celle qui constitue nos sols ? Celle qui nous nourrit ? Et comment se r\u00e9g\u00e9n\u00e8re t-elle ?<br \/>De quoi est-elle faite et comment l\u2019am\u00e9liorer ? Petit tour d\u2019horizon.<\/strong><\/span><\/h4>\n<p>[\/et_pb_text][et_pb_text admin_label=\u00a0\u00bbs\u00e9parateur\u00a0\u00bb _builder_version=\u00a0\u00bb4.8.1&Prime; global_colors_info=\u00a0\u00bb{}\u00a0\u00bb]<\/p>\n<hr \/>\n<p>&nbsp;<\/p>\n<p>[\/et_pb_text][\/et_pb_column][\/et_pb_row][\/et_pb_section][et_pb_section fb_built=\u00a0\u00bb1&Prime; admin_label=\u00a0\u00bbArticles 1 colonne\u00a0\u00bb _builder_version=\u00a0\u00bb3.22.7&Prime; custom_margin=\u00a0\u00bb||\u00a0\u00bb custom_padding=\u00a0\u00bb0px|||||\u00a0\u00bb global_colors_info=\u00a0\u00bb{}\u00a0\u00bb][et_pb_row column_structure=\u00a0\u00bb1_3,1_3,1_3&Prime; admin_label=\u00a0\u00bbTitre Agenda\u00a0\u00bb _builder_version=\u00a0\u00bb3.25&Prime; custom_margin=\u00a0\u00bb||\u00a0\u00bb custom_padding=\u00a0\u00bb0px||0px|||\u00a0\u00bb global_colors_info=\u00a0\u00bb{}\u00a0\u00bb][et_pb_column type=\u00a0\u00bb1_3&Prime; _builder_version=\u00a0\u00bb3.25&Prime; custom_padding=\u00a0\u00bb0px|||\u00a0\u00bb global_colors_info=\u00a0\u00bb{}\u00a0\u00bb custom_padding__hover=\u00a0\u00bb|||\u00a0\u00bb][et_pb_image src=\u00a0\u00bbhttps:\/\/rivegauche-magazine.ch\/wp-content\/uploads\/2021\/12\/sol.jpg\u00a0\u00bb title_text=\u00a0\u00bbsol\u00a0\u00bb _builder_version=\u00a0\u00bb4.14.2&Prime; _module_preset=\u00a0\u00bbdefault\u00a0\u00bb custom_margin=\u00a0\u00bb||1em||false|false\u00a0\u00bb global_colors_info=\u00a0\u00bb{}\u00a0\u00bb][\/et_pb_image][et_pb_text admin_label=\u00a0\u00bbSOUS-TITRE\u00a0\u00bb _builder_version=\u00a0\u00bb4.14.2&Prime; global_colors_info=\u00a0\u00bb{}\u00a0\u00bb]<\/p>\n<p style=\"text-align: justify;\">Le sol est d\u00e9crit par l\u2019universit\u00e9 comme un objet complexe fa\u00e7onn\u00e9 par les forces g\u00e9ologiques, atmosph\u00e9riques et biologiques. La roche-m\u00e8re est d\u00e9sagr\u00e9g\u00e9e en particules min\u00e9rales fines constituant la mati\u00e8re \u00e0 partir de laquelle se formera la terre. Lorsque la v\u00e9g\u00e9tation envahit la surface du mat\u00e9riel min\u00e9ral, elle produit une couche d\u2019humus issue de la d\u00e9composition des parties mortes des plantes. Cette mati\u00e8re organique est alors m\u00e9lang\u00e9e aux particules min\u00e9rales d\u2019o\u00f9 nait une couche, en surface du sol, de couleur marron ou noire parfois ; il ne faut pas compter plus de 0.1 millim\u00e8tre de terre form\u00e9e par ann\u00e9e, soit mille an pour 10 centim\u00e8tres de sol g\u00e9n\u00e9r\u00e9. Il s\u2019agit d\u2019une couche tr\u00e8s fertile, mais \u00e9galement tr\u00e8s fragile.<br \/>Cette couche de terre qui atteint jusqu\u2019\u00e0 30cm de profondeur peut en effet subir une forte d\u00e9gradation (vent, eau, culture, pollution) conduisant \u00e0 une diminution de sa qualit\u00e9.<br \/>Une exp\u00e9rience relativement simple permet de comprendre la texture du sol, sa composition et m\u00eame d\u2019\u00e9valuer la r\u00e9serve de nutriments imm\u00e9diatement disponible et sa r\u00e9serve potentielle.<\/p>\n<p>[\/et_pb_text][\/et_pb_column][et_pb_column type=\u00a0\u00bb1_3&Prime; _builder_version=\u00a0\u00bb3.25&Prime; custom_padding=\u00a0\u00bb|||\u00a0\u00bb global_colors_info=\u00a0\u00bb{}\u00a0\u00bb custom_padding__hover=\u00a0\u00bb|||\u00a0\u00bb][et_pb_text admin_label=\u00a0\u00bbSOUS-TITRE\u00a0\u00bb _builder_version=\u00a0\u00bb4.14.2&Prime; custom_margin=\u00a0\u00bb||2em||false|false\u00a0\u00bb global_colors_info=\u00a0\u00bb{}\u00a0\u00bb]<\/p>\n<h3 style=\"text-align: left;\"><span style=\"color: #008000;\"><strong>\u00c9valuer la composition<\/strong><\/span> de votre sol<span style=\"color: #99cc00;\"><br \/><\/span><\/h3>\n<p style=\"text-align: justify;\">Une technique tr\u00e8s simple propose de r\u00e9colter un \u00e9chantillon du sol en pr\u00e9levant la terre, juste sous la couche herbeuse, dans les premiers centim\u00e8tres. On d\u00e9pose notre \u00e9chantillon dans un bocal transparent (pour un meilleur r\u00e9sultat visuel, prendre un bocal plus haut que son diam\u00e8tre) que l\u2019on remplira \u00e0 moiti\u00e9, compl\u00e9t\u00e9 par de l\u2019eau. On secoue \u00e9nergiquement le bocal afin de s\u00e9parer les mati\u00e8res et on le laisse reposer au moins 24 heures. Les mati\u00e8res les plus lourdes se d\u00e9poseront au fond du r\u00e9cipient comme les graviers, les plus l\u00e9g\u00e8res flotteront \u00e0 la surface de l\u2019eau.<\/p>\n<p>[\/et_pb_text][et_pb_image src=\u00a0\u00bbhttps:\/\/rivegauche-magazine.ch\/wp-content\/uploads\/2021\/12\/bocal-Eco-des-Jardins.jpg\u00a0\u00bb title_text=\u00a0\u00bbbocal-Eco-des-Jardins\u00a0\u00bb _builder_version=\u00a0\u00bb4.14.2&Prime; _module_preset=\u00a0\u00bbdefault\u00a0\u00bb global_colors_info=\u00a0\u00bb{}\u00a0\u00bb][\/et_pb_image][\/et_pb_column][et_pb_column type=\u00a0\u00bb1_3&Prime; _builder_version=\u00a0\u00bb4.14.2&Prime; _module_preset=\u00a0\u00bbdefault\u00a0\u00bb global_colors_info=\u00a0\u00bb{}\u00a0\u00bb][et_pb_text admin_label=\u00a0\u00bbSOUS-TITRE\u00a0\u00bb _builder_version=\u00a0\u00bb4.14.2&Prime; custom_margin=\u00a0\u00bb||1em||false|false\u00a0\u00bb global_colors_info=\u00a0\u00bb{}\u00a0\u00bb]<\/p>\n<h3 style=\"text-align: left;\"><span style=\"color: #008000;\"><strong>L&rsquo;entretien <\/strong><\/span>et l&rsquo;am\u00e9lioration des sols<span style=\"color: #99cc00;\"><br \/><\/span><\/h3>\n<p style=\"text-align: justify;\">Dans une r\u00e9flexion globale d\u2019un jardin naturel, la qualit\u00e9 des sols est primordiale et est fortement corr\u00e9l\u00e9e \u00e0 l\u2019entretien de ces derniers et leur am\u00e9lioration naturelle. Les engrais verts, qui sont des plantes \u00abcouvre-sol\u00bb peuvent \u00eatre utilis\u00e9s pour hiverner la terre d\u2019un potager, par exemple. Mais pas seulement. Pour entretenir les sols, nous pouvons utiliser une combinaison de techniques selon les zones du jardin ; sans \u00eatre exhaustif citons la revalorisation des d\u00e9chets produits par le jardin lui-m\u00eame (paillis de feuilles, bois ram\u00e9nal fragment\u00e9,&#8230;) et ne pas faire de labour, mais simplement gratter le sol pour l\u2019a\u00e9rer, les vers de terre se chargeront<br \/>avec plaisir du labourage. Nous pouvons \u00e9galement envisager un apport de sable pour am\u00e9liorer les sols lourds ou argileux.<\/p>\n<p style=\"text-align: justify;\">Enfin, citons le biochar qui est un charbon d\u2019origine v\u00e9g\u00e9tale obtenu par pyrolyse de la biomasse des mati\u00e8res organiques. Il a \u00e9t\u00e9 d\u00e9couvert il y a pr\u00e8s de 6000 ans par les am\u00e9rindiens d\u2019Amazonie qui ont compris que son utilisation pouvait transformer les sols pauvres en sols fertiles. Note pour l\u2019avenir : le biochar permet la s\u00e9questration durable du CO2 dans le sol. A vos sols !<\/p>\n<p>[\/et_pb_text][et_pb_image src=\u00a0\u00bbhttps:\/\/rivegauche-magazine.ch\/wp-content\/uploads\/2021\/12\/jardin-naturel.jpg\u00a0\u00bb title_text=\u00a0\u00bbjardin-naturel\u00a0\u00bb _builder_version=\u00a0\u00bb4.14.2&Prime; _module_preset=\u00a0\u00bbdefault\u00a0\u00bb global_colors_info=\u00a0\u00bb{}\u00a0\u00bb][\/et_pb_image][\/et_pb_column][\/et_pb_row][et_pb_row _builder_version=\u00a0\u00bb3.25&Prime; global_colors_info=\u00a0\u00bb{}\u00a0\u00bb][et_pb_column type=\u00a0\u00bb4_4&Prime; _builder_version=\u00a0\u00bb3.25&Prime; custom_padding=\u00a0\u00bb|||\u00a0\u00bb global_colors_info=\u00a0\u00bb{}\u00a0\u00bb custom_padding__hover=\u00a0\u00bb|||\u00a0\u00bb][et_pb_divider _builder_version=\u00a0\u00bb3.22.7&Prime; global_colors_info=\u00a0\u00bb{}\u00a0\u00bb][\/et_pb_divider][\/et_pb_column][\/et_pb_row][\/et_pb_section]<\/p>\n","protected":false},"excerpt":{"rendered":"<p>La naissance de la terreD\u2019o\u00f9 vient la terre, celle qui constitue nos sols ? Celle qui nous nourrit ? Et comment se r\u00e9g\u00e9n\u00e8re t-elle ?De quoi est-elle faite et comment l\u2019am\u00e9liorer ? Petit tour d\u2019horizon. &nbsp;Le sol est d\u00e9crit par l\u2019universit\u00e9 comme un objet complexe fa\u00e7onn\u00e9 par les forces g\u00e9ologiques, atmosph\u00e9riques et biologiques. La roche-m\u00e8re [&hellip;]<\/p>\n","protected":false},"author":2,"featured_media":0,"parent":1412,"menu_order":0,"comment_status":"closed","ping_status":"closed","template":"","meta":{"_et_pb_use_builder":"on","_et_pb_old_content":"","_et_gb_content_width":"","footnotes":""},"class_list":["post-9011","page","type-page","status-publish","hentry"],"_links":{"self":[{"href":"https:\/\/geneve-et-vous-magazine.ch\/index.php\/wp-json\/wp\/v2\/pages\/9011","targetHints":{"allow":["GET"]}}],"collection":[{"href":"https:\/\/geneve-et-vous-magazine.ch\/index.php\/wp-json\/wp\/v2\/pages"}],"about":[{"href":"https:\/\/geneve-et-vous-magazine.ch\/index.php\/wp-json\/wp\/v2\/types\/page"}],"author":[{"embeddable":true,"href":"https:\/\/geneve-et-vous-magazine.ch\/index.php\/wp-json\/wp\/v2\/users\/2"}],"replies":[{"embeddable":true,"href":"https:\/\/geneve-et-vous-magazine.ch\/index.php\/wp-json\/wp\/v2\/comments?post=9011"}],"version-history":[{"count":7,"href":"https:\/\/geneve-et-vous-magazine.ch\/index.php\/wp-json\/wp\/v2\/pages\/9011\/revisions"}],"predecessor-version":[{"id":9070,"href":"https:\/\/geneve-et-vous-magazine.ch\/index.php\/wp-json\/wp\/v2\/pages\/9011\/revisions\/9070"}],"up":[{"embeddable":true,"href":"https:\/\/geneve-et-vous-magazine.ch\/index.php\/wp-json\/wp\/v2\/pages\/1412"}],"wp:attachment":[{"href":"https:\/\/geneve-et-vous-magazine.ch\/index.php\/wp-json\/wp\/v2\/media?parent=9011"}],"curies":[{"name":"wp","href":"https:\/\/api.w.org\/{rel}","templated":true}]}}