{"id":7859,"date":"2021-06-21T17:15:05","date_gmt":"2021-06-21T15:15:05","guid":{"rendered":"https:\/\/rivegauche-magazine.ch\/?page_id=7859"},"modified":"2025-06-23T10:38:49","modified_gmt":"2025-06-23T08:38:49","slug":"evenements-hermance","status":"publish","type":"page","link":"https:\/\/geneve-et-vous-magazine.ch\/index.php\/hermance\/evenements-hermance\/","title":{"rendered":"\u00c9V\u00c9NEMENTS HERMANCE"},"content":{"rendered":"<p>[et_pb_section fb_built=\u00a0\u00bb1&Prime; _builder_version=\u00a0\u00bb4.16&Prime; global_colors_info=\u00a0\u00bb{}\u00a0\u00bb][et_pb_row _builder_version=\u00a0\u00bb4.16&Prime; _module_preset=\u00a0\u00bbdefault\u00a0\u00bb custom_padding=\u00a0\u00bb||0em||false|false\u00a0\u00bb global_colors_info=\u00a0\u00bb{}\u00a0\u00bb][et_pb_column type=\u00a0\u00bb4_4&Prime; _builder_version=\u00a0\u00bb4.16&Prime; _module_preset=\u00a0\u00bbdefault\u00a0\u00bb global_colors_info=\u00a0\u00bb{}\u00a0\u00bb][et_pb_text _builder_version=\u00a0\u00bb4.17.6&Prime; _module_preset=\u00a0\u00bbdefault\u00a0\u00bb hover_enabled=\u00a0\u00bb0&Prime; global_colors_info=\u00a0\u00bb{}\u00a0\u00bb sticky_enabled=\u00a0\u00bb0&Prime;]<\/p>\n<h2 style=\"text-align: center;\">\u00c9V\u00c9NEMENTS \u00c0 HERMANCE<\/h2>\n<h5 style=\"text-align: center;\"><strong><span style=\"color: #cc99ff;\">www.hermance.ch<\/span><\/strong><\/h5>\n<p>[\/et_pb_text][\/et_pb_column][\/et_pb_row][et_pb_row _builder_version=\u00a0\u00bb4.16&Prime; custom_padding=\u00a0\u00bb||0em||false|false\u00a0\u00bb locked=\u00a0\u00bboff\u00a0\u00bb global_colors_info=\u00a0\u00bb{}\u00a0\u00bb][et_pb_column type=\u00a0\u00bb4_4&Prime; _builder_version=\u00a0\u00bb4.16&Prime; custom_padding=\u00a0\u00bb|||\u00a0\u00bb global_colors_info=\u00a0\u00bb{}\u00a0\u00bb custom_padding__hover=\u00a0\u00bb|||\u00a0\u00bb][\/et_pb_column][\/et_pb_row][et_pb_row column_structure=\u00a0\u00bb1_3,1_3,1_3&Prime; _builder_version=\u00a0\u00bb4.17.6&Prime; _module_preset=\u00a0\u00bbdefault\u00a0\u00bb custom_padding=\u00a0\u00bb0em||0em||true|false\u00a0\u00bb global_colors_info=\u00a0\u00bb{}\u00a0\u00bb][et_pb_column type=\u00a0\u00bb1_3&Prime; _builder_version=\u00a0\u00bb4.16&Prime; _module_preset=\u00a0\u00bbdefault\u00a0\u00bb global_colors_info=\u00a0\u00bb{}\u00a0\u00bb][et_pb_text content_tablet=\u00a0\u00bb<\/p>\n<h2><span style=%22color: #ea0017;%22><strong>PASCAL NORDMANN<br \/>\u00ab Apr\u00e8s la gloire \u00bb<\/strong><\/span><\/h2>\n<h3><span style=%22color: #cc99ff;%22><strong><span style=%22color: #ea0017;%22>deuxi\u00e8me partie de la Trilogie de la gloire<\/span><br \/><\/strong><\/span><\/h3>\n<h3><strong>Exposition ouverte sur rendez-vous du 07 avril au 15 juin 2022<br \/>Vernissage mercredi 06 avril 2022 \u00e0 18 heures en pr\u00e9sence de l\u2019artiste<\/strong><strong><\/strong><\/h3>\n<p>\u00a0\u00bb content_phone=\u00a0\u00bb<\/p>\n<h2><span style=%22color: #ea0017;%22><strong>PASCAL NORDMANN<br \/>\u00ab Apr\u00e8s la gloire \u00bb<\/strong><\/span><\/h2>\n<h3 style=%22text-align: left;%22><span style=%22color: #cc99ff;%22><strong><span style=%22color: #ea0017;%22>deuxi\u00e8me partie<br \/><\/span><\/strong><\/span><span style=%22color: #cc99ff;%22><strong><span style=%22color: #ea0017;%22>de la Trilogie de la gloire<\/span><br \/><\/strong><\/span><\/h3>\n<h3 style=%22text-align: left;%22><strong>Exposition ouverte<br \/>sur rendez-vous du 07 avril<br \/>au 15 juin 2022<br \/><\/strong><\/h3>\n<h3 style=%22text-align: left;%22><strong>Vernissage<br \/>mercredi 06 avril 2022<br \/>\u00e0 18 h en pr\u00e9sence de l\u2019artiste<\/strong><strong><\/strong><\/h3>\n<p>\u00a0\u00bb content_last_edited=\u00a0\u00bbon|phone\u00a0\u00bb _builder_version=\u00a0\u00bb4.17.6&Prime; text_font=\u00a0\u00bb||||||||\u00a0\u00bb text_orientation=\u00a0\u00bbjustified\u00a0\u00bb custom_padding=\u00a0\u00bb||||false|true\u00a0\u00bb hover_enabled=\u00a0\u00bb0&Prime; global_colors_info=\u00a0\u00bb{}\u00a0\u00bb sticky_enabled=\u00a0\u00bb0&Prime;]<\/p>\n<h2 style=\"text-align: justify;\"><strong><span style=\"color: #cc99ff;\">AP\u00c9RO CONCERTS<\/span><\/strong><\/h2>\n<h2><strong>Le vendredi 20 juin 2025<\/strong><\/h2>\n<p>Concerts gratuits. Petite restauration et buvette sur place.<br \/>Annul\u00e9s en cas de pluie.<br \/><em>Renseignements : hermance.ch<\/em><\/p>\n<p>&nbsp;<\/p>\n<p>[\/et_pb_text][et_pb_image src=\u00a0\u00bbhttps:\/\/rivegauche-magazine.ch\/wp-content\/uploads\/2025\/06\/Hermance_N47-1.jpg\u00a0\u00bb title_text=\u00a0\u00bbHermance_N47-1&Prime; _builder_version=\u00a0\u00bb4.17.6&Prime; _module_preset=\u00a0\u00bbdefault\u00a0\u00bb global_colors_info=\u00a0\u00bb{}\u00a0\u00bb][\/et_pb_image][et_pb_divider _builder_version=\u00a0\u00bb4.16&Prime; _module_preset=\u00a0\u00bbdefault\u00a0\u00bb global_colors_info=\u00a0\u00bb{}\u00a0\u00bb][\/et_pb_divider][et_pb_text content_tablet=\u00a0\u00bb<\/p>\n<h2><span style=%22color: #ea0017;%22><strong>PASCAL NORDMANN<br \/>\u00ab Apr\u00e8s la gloire \u00bb<\/strong><\/span><\/h2>\n<h3><span style=%22color: #cc99ff;%22><strong><span style=%22color: #ea0017;%22>deuxi\u00e8me partie de la Trilogie de la gloire<\/span><br \/><\/strong><\/span><\/h3>\n<h3><strong>Exposition ouverte sur rendez-vous du 07 avril au 15 juin 2022<br \/>Vernissage mercredi 06 avril 2022 \u00e0 18 heures en pr\u00e9sence de l\u2019artiste<\/strong><strong><\/strong><\/h3>\n<p>\u00a0\u00bb content_phone=\u00a0\u00bb<\/p>\n<h2><span style=%22color: #ea0017;%22><strong>PASCAL NORDMANN<br \/>\u00ab Apr\u00e8s la gloire \u00bb<\/strong><\/span><\/h2>\n<h3 style=%22text-align: left;%22><span style=%22color: #cc99ff;%22><strong><span style=%22color: #ea0017;%22>deuxi\u00e8me partie<br \/><\/span><\/strong><\/span><span style=%22color: #cc99ff;%22><strong><span style=%22color: #ea0017;%22>de la Trilogie de la gloire<\/span><br \/><\/strong><\/span><\/h3>\n<h3 style=%22text-align: left;%22><strong>Exposition ouverte<br \/>sur rendez-vous du 07 avril<br \/>au 15 juin 2022<br \/><\/strong><\/h3>\n<h3 style=%22text-align: left;%22><strong>Vernissage<br \/>mercredi 06 avril 2022<br \/>\u00e0 18 h en pr\u00e9sence de l\u2019artiste<\/strong><strong><\/strong><\/h3>\n<p>\u00a0\u00bb content_last_edited=\u00a0\u00bbon|phone\u00a0\u00bb _builder_version=\u00a0\u00bb4.17.6&Prime; text_font=\u00a0\u00bb||||||||\u00a0\u00bb text_orientation=\u00a0\u00bbjustified\u00a0\u00bb custom_padding=\u00a0\u00bb||||false|true\u00a0\u00bb global_colors_info=\u00a0\u00bb{}\u00a0\u00bb]<\/p>\n<h2 style=\"text-align: justify;\"><strong><span style=\"color: #cc99ff;\">SOIR\u00c9E CIN\u00c9MA \u00c0 LA PLAGE<\/span><\/strong><\/h2>\n<h2><strong>Le mercredi 2 juillet et le jeudi 4 septembre 2025<\/strong><\/h2>\n<p><em>Renseignements : hermance.ch<\/em><\/p>\n<p>&nbsp;<\/p>\n<p>[\/et_pb_text][et_pb_image src=\u00a0\u00bbhttps:\/\/rivegauche-magazine.ch\/wp-content\/uploads\/2025\/06\/Hermance_N47-4.jpg\u00a0\u00bb title_text=\u00a0\u00bbHermance_N47-4&Prime; _builder_version=\u00a0\u00bb4.17.6&Prime; _module_preset=\u00a0\u00bbdefault\u00a0\u00bb global_colors_info=\u00a0\u00bb{}\u00a0\u00bb][\/et_pb_image][\/et_pb_column][et_pb_column type=\u00a0\u00bb1_3&Prime; _builder_version=\u00a0\u00bb4.17.6&Prime; _module_preset=\u00a0\u00bbdefault\u00a0\u00bb global_colors_info=\u00a0\u00bb{}\u00a0\u00bb][et_pb_text content_tablet=\u00a0\u00bb<\/p>\n<h2><span style=%22color: #ea0017;%22><strong>PASCAL NORDMANN<br \/>\u00ab Apr\u00e8s la gloire \u00bb<\/strong><\/span><\/h2>\n<h3><span style=%22color: #cc99ff;%22><strong><span style=%22color: #ea0017;%22>deuxi\u00e8me partie de la Trilogie de la gloire<\/span><br \/><\/strong><\/span><\/h3>\n<h3><strong>Exposition ouverte sur rendez-vous du 07 avril au 15 juin 2022<br \/>Vernissage mercredi 06 avril 2022 \u00e0 18 heures en pr\u00e9sence de l\u2019artiste<\/strong><strong><\/strong><\/h3>\n<p>\u00a0\u00bb content_phone=\u00a0\u00bb<\/p>\n<h2><span style=%22color: #ea0017;%22><strong>PASCAL NORDMANN<br \/>\u00ab Apr\u00e8s la gloire \u00bb<\/strong><\/span><\/h2>\n<h3 style=%22text-align: left;%22><span style=%22color: #cc99ff;%22><strong><span style=%22color: #ea0017;%22>deuxi\u00e8me partie<br \/><\/span><\/strong><\/span><span style=%22color: #cc99ff;%22><strong><span style=%22color: #ea0017;%22>de la Trilogie de la gloire<\/span><br \/><\/strong><\/span><\/h3>\n<h3 style=%22text-align: left;%22><strong>Exposition ouverte<br \/>sur rendez-vous du 07 avril<br \/>au 15 juin 2022<br \/><\/strong><\/h3>\n<h3 style=%22text-align: left;%22><strong>Vernissage<br \/>mercredi 06 avril 2022<br \/>\u00e0 18 h en pr\u00e9sence de l\u2019artiste<\/strong><strong><\/strong><\/h3>\n<p>\u00a0\u00bb content_last_edited=\u00a0\u00bbon|phone\u00a0\u00bb _builder_version=\u00a0\u00bb4.17.6&Prime; text_font=\u00a0\u00bb||||||||\u00a0\u00bb text_orientation=\u00a0\u00bbjustified\u00a0\u00bb custom_padding=\u00a0\u00bb||||false|true\u00a0\u00bb global_colors_info=\u00a0\u00bb{}\u00a0\u00bb]<\/p>\n<h2 style=\"text-align: justify;\"><strong><span style=\"color: #cc99ff;\">YOGA SUR LA PLACE<\/span><\/strong><\/h2>\n<h2><strong>Le vendredi 20 juin 2025 \u00e0 17h30<\/strong><\/h2>\n<p>Cours donn\u00e9s par Yoga Nomade, Sandra Piretti. Sans inscription. Gratuit. Ouvert aux adultes et aux enfants. <br \/>En cas de pluie les cours se d\u00e9rouleront dans la salle de rythmique de l\u2019\u00e9cole (entr\u00e9e c\u00f4t\u00e9 parking).<br \/><em>Renseignements : hermance.ch<\/em><\/p>\n<p>[\/et_pb_text][et_pb_image src=\u00a0\u00bbhttps:\/\/rivegauche-magazine.ch\/wp-content\/uploads\/2025\/06\/Hermance_N47-2.jpg\u00a0\u00bb title_text=\u00a0\u00bbHermance_N47-2&Prime; _builder_version=\u00a0\u00bb4.17.6&Prime; _module_preset=\u00a0\u00bbdefault\u00a0\u00bb global_colors_info=\u00a0\u00bb{}\u00a0\u00bb][\/et_pb_image][et_pb_divider _builder_version=\u00a0\u00bb4.16&Prime; _module_preset=\u00a0\u00bbdefault\u00a0\u00bb global_colors_info=\u00a0\u00bb{}\u00a0\u00bb][\/et_pb_divider][et_pb_text content_tablet=\u00a0\u00bb<\/p>\n<h2><span style=%22color: #ea0017;%22><strong>PASCAL NORDMANN<br \/>\u00ab Apr\u00e8s la gloire \u00bb<\/strong><\/span><\/h2>\n<h3><span style=%22color: #cc99ff;%22><strong><span style=%22color: #ea0017;%22>deuxi\u00e8me partie de la Trilogie de la gloire<\/span><br \/><\/strong><\/span><\/h3>\n<h3><strong>Exposition ouverte sur rendez-vous du 07 avril au 15 juin 2022<br \/>Vernissage mercredi 06 avril 2022 \u00e0 18 heures en pr\u00e9sence de l\u2019artiste<\/strong><strong><\/strong><\/h3>\n<p>\u00a0\u00bb content_phone=\u00a0\u00bb<\/p>\n<h2><span style=%22color: #ea0017;%22><strong>PASCAL NORDMANN<br \/>\u00ab Apr\u00e8s la gloire \u00bb<\/strong><\/span><\/h2>\n<h3 style=%22text-align: left;%22><span style=%22color: #cc99ff;%22><strong><span style=%22color: #ea0017;%22>deuxi\u00e8me partie<br \/><\/span><\/strong><\/span><span style=%22color: #cc99ff;%22><strong><span style=%22color: #ea0017;%22>de la Trilogie de la gloire<\/span><br \/><\/strong><\/span><\/h3>\n<h3 style=%22text-align: left;%22><strong>Exposition ouverte<br \/>sur rendez-vous du 07 avril<br \/>au 15 juin 2022<br \/><\/strong><\/h3>\n<h3 style=%22text-align: left;%22><strong>Vernissage<br \/>mercredi 06 avril 2022<br \/>\u00e0 18 h en pr\u00e9sence de l\u2019artiste<\/strong><strong><\/strong><\/h3>\n<p>\u00a0\u00bb content_last_edited=\u00a0\u00bbon|phone\u00a0\u00bb _builder_version=\u00a0\u00bb4.17.6&Prime; text_font=\u00a0\u00bb||||||||\u00a0\u00bb text_orientation=\u00a0\u00bbjustified\u00a0\u00bb custom_padding=\u00a0\u00bb||||false|true\u00a0\u00bb global_colors_info=\u00a0\u00bb{}\u00a0\u00bb]<\/p>\n<h2 style=\"text-align: justify;\"><strong><span style=\"color: #cc99ff;\">F\u00caTE NATIONALE<\/span><\/strong><\/h2>\n<h2><strong>Le vendredi 1er ao\u00fbt 2025<\/strong><\/h2>\n<p><em>Renseignements : hermance.ch<\/em><\/p>\n<p>&nbsp;<\/p>\n<p>[\/et_pb_text][et_pb_image src=\u00a0\u00bbhttps:\/\/rivegauche-magazine.ch\/wp-content\/uploads\/2025\/06\/Hermance_N47-5.jpg\u00a0\u00bb title_text=\u00a0\u00bbHermance_N47-5&Prime; _builder_version=\u00a0\u00bb4.17.6&Prime; _module_preset=\u00a0\u00bbdefault\u00a0\u00bb global_colors_info=\u00a0\u00bb{}\u00a0\u00bb][\/et_pb_image][\/et_pb_column][et_pb_column type=\u00a0\u00bb1_3&Prime; _builder_version=\u00a0\u00bb4.17.6&Prime; _module_preset=\u00a0\u00bbdefault\u00a0\u00bb global_colors_info=\u00a0\u00bb{}\u00a0\u00bb][et_pb_text content_tablet=\u00a0\u00bb<\/p>\n<h2><span style=%22color: #ea0017;%22><strong>PASCAL NORDMANN<br \/>\u00ab Apr\u00e8s la gloire \u00bb<\/strong><\/span><\/h2>\n<h3><span style=%22color: #cc99ff;%22><strong><span style=%22color: #ea0017;%22>deuxi\u00e8me partie de la Trilogie de la gloire<\/span><br \/><\/strong><\/span><\/h3>\n<h3><strong>Exposition ouverte sur rendez-vous du 07 avril au 15 juin 2022<br \/>Vernissage mercredi 06 avril 2022 \u00e0 18 heures en pr\u00e9sence de l\u2019artiste<\/strong><strong><\/strong><\/h3>\n<p>\u00a0\u00bb content_phone=\u00a0\u00bb<\/p>\n<h2><span style=%22color: #ea0017;%22><strong>PASCAL NORDMANN<br \/>\u00ab Apr\u00e8s la gloire \u00bb<\/strong><\/span><\/h2>\n<h3 style=%22text-align: left;%22><span style=%22color: #cc99ff;%22><strong><span style=%22color: #ea0017;%22>deuxi\u00e8me partie<br \/><\/span><\/strong><\/span><span style=%22color: #cc99ff;%22><strong><span style=%22color: #ea0017;%22>de la Trilogie de la gloire<\/span><br \/><\/strong><\/span><\/h3>\n<h3 style=%22text-align: left;%22><strong>Exposition ouverte<br \/>sur rendez-vous du 07 avril<br \/>au 15 juin 2022<br \/><\/strong><\/h3>\n<h3 style=%22text-align: left;%22><strong>Vernissage<br \/>mercredi 06 avril 2022<br \/>\u00e0 18 h en pr\u00e9sence de l\u2019artiste<\/strong><strong><\/strong><\/h3>\n<p>\u00a0\u00bb content_last_edited=\u00a0\u00bbon|phone\u00a0\u00bb _builder_version=\u00a0\u00bb4.17.6&Prime; text_font=\u00a0\u00bb||||||||\u00a0\u00bb text_orientation=\u00a0\u00bbjustified\u00a0\u00bb custom_padding=\u00a0\u00bb||||false|true\u00a0\u00bb global_colors_info=\u00a0\u00bb{}\u00a0\u00bb]<\/p>\n<h2 style=\"text-align: justify;\"><strong><span style=\"color: #cc99ff;\">BIBLIOBUS<\/span><\/strong><\/h2>\n<h2><strong>Les jeudis 26 juin, 21 ao\u00fbt, 18 septembre et 16 octobre 2025<\/strong><\/h2>\n<p>Gratuit. Terminus du Bus E<br \/><em>Renseignements : hermance.ch<\/em><\/p>\n<p>[\/et_pb_text][et_pb_image src=\u00a0\u00bbhttps:\/\/rivegauche-magazine.ch\/wp-content\/uploads\/2025\/06\/Hermance_N47-3.jpg\u00a0\u00bb title_text=\u00a0\u00bbHermance_N47-3&Prime; _builder_version=\u00a0\u00bb4.17.6&Prime; _module_preset=\u00a0\u00bbdefault\u00a0\u00bb global_colors_info=\u00a0\u00bb{}\u00a0\u00bb][\/et_pb_image][\/et_pb_column][\/et_pb_row][et_pb_row _builder_version=\u00a0\u00bb4.16&Prime; custom_padding=\u00a0\u00bb||0em||false|false\u00a0\u00bb locked=\u00a0\u00bboff\u00a0\u00bb global_colors_info=\u00a0\u00bb{}\u00a0\u00bb][et_pb_column type=\u00a0\u00bb4_4&Prime; _builder_version=\u00a0\u00bb4.16&Prime; custom_padding=\u00a0\u00bb|||\u00a0\u00bb global_colors_info=\u00a0\u00bb{}\u00a0\u00bb custom_padding__hover=\u00a0\u00bb|||\u00a0\u00bb][et_pb_image src=\u00a0\u00bbhttps:\/\/rivegauche-magazine.ch\/wp-content\/uploads\/2024\/11\/hermance_2025.jpg\u00a0\u00bb title_text=\u00a0\u00bbScreenshot\u00a0\u00bb align=\u00a0\u00bbcenter\u00a0\u00bb disabled_on=\u00a0\u00bbon|on|on\u00a0\u00bb _builder_version=\u00a0\u00bb4.17.6&Prime; _module_preset=\u00a0\u00bbdefault\u00a0\u00bb disabled=\u00a0\u00bbon\u00a0\u00bb global_colors_info=\u00a0\u00bb{}\u00a0\u00bb][\/et_pb_image][\/et_pb_column][\/et_pb_row][et_pb_row _builder_version=\u00a0\u00bb4.16&Prime; custom_padding=\u00a0\u00bb0em||||false|false\u00a0\u00bb global_colors_info=\u00a0\u00bb{}\u00a0\u00bb][et_pb_column type=\u00a0\u00bb4_4&Prime; _builder_version=\u00a0\u00bb4.16&Prime; custom_padding=\u00a0\u00bb|||\u00a0\u00bb global_colors_info=\u00a0\u00bb{}\u00a0\u00bb custom_padding__hover=\u00a0\u00bb|||\u00a0\u00bb][et_pb_divider _builder_version=\u00a0\u00bb4.16&Prime; global_colors_info=\u00a0\u00bb{}\u00a0\u00bb][\/et_pb_divider][\/et_pb_column][\/et_pb_row][\/et_pb_section]<\/p>\n","protected":false},"excerpt":{"rendered":"<p>\u00c9V\u00c9NEMENTS \u00c0 HERMANCE www.hermance.chAP\u00c9RO CONCERTS Le vendredi 20 juin 2025 Concerts gratuits. Petite restauration et buvette sur place.Annul\u00e9s en cas de pluie.Renseignements : hermance.ch &nbsp;SOIR\u00c9E CIN\u00c9MA \u00c0 LA PLAGE Le mercredi 2 juillet et le jeudi 4 septembre 2025 Renseignements : hermance.ch &nbsp;YOGA SUR LA PLACE Le vendredi 20 juin 2025 \u00e0 17h30 Cours donn\u00e9s [&hellip;]<\/p>\n","protected":false},"author":2,"featured_media":0,"parent":783,"menu_order":1,"comment_status":"closed","ping_status":"closed","template":"","meta":{"_et_pb_use_builder":"on","_et_pb_old_content":"","_et_gb_content_width":"","footnotes":""},"class_list":["post-7859","page","type-page","status-publish","hentry"],"_links":{"self":[{"href":"https:\/\/geneve-et-vous-magazine.ch\/index.php\/wp-json\/wp\/v2\/pages\/7859","targetHints":{"allow":["GET"]}}],"collection":[{"href":"https:\/\/geneve-et-vous-magazine.ch\/index.php\/wp-json\/wp\/v2\/pages"}],"about":[{"href":"https:\/\/geneve-et-vous-magazine.ch\/index.php\/wp-json\/wp\/v2\/types\/page"}],"author":[{"embeddable":true,"href":"https:\/\/geneve-et-vous-magazine.ch\/index.php\/wp-json\/wp\/v2\/users\/2"}],"replies":[{"embeddable":true,"href":"https:\/\/geneve-et-vous-magazine.ch\/index.php\/wp-json\/wp\/v2\/comments?post=7859"}],"version-history":[{"count":44,"href":"https:\/\/geneve-et-vous-magazine.ch\/index.php\/wp-json\/wp\/v2\/pages\/7859\/revisions"}],"predecessor-version":[{"id":16382,"href":"https:\/\/geneve-et-vous-magazine.ch\/index.php\/wp-json\/wp\/v2\/pages\/7859\/revisions\/16382"}],"up":[{"embeddable":true,"href":"https:\/\/geneve-et-vous-magazine.ch\/index.php\/wp-json\/wp\/v2\/pages\/783"}],"wp:attachment":[{"href":"https:\/\/geneve-et-vous-magazine.ch\/index.php\/wp-json\/wp\/v2\/media?parent=7859"}],"curies":[{"name":"wp","href":"https:\/\/api.w.org\/{rel}","templated":true}]}}