{"id":684,"date":"2020-01-30T09:40:14","date_gmt":"2020-01-30T08:40:14","guid":{"rendered":"https:\/\/rivegauche-magazine.ch\/?page_id=684"},"modified":"2021-06-14T10:50:13","modified_gmt":"2021-06-14T08:50:13","slug":"evenements-choulex","status":"publish","type":"page","link":"https:\/\/geneve-et-vous-magazine.ch\/index.php\/choulex\/evenements-choulex\/","title":{"rendered":"HISTOIRE Choulex"},"content":{"rendered":"<p>[et_pb_section fb_built=\u00a0\u00bb1&Prime; _builder_version=\u00a0\u00bb3.22.7&Prime;][et_pb_row _builder_version=\u00a0\u00bb3.25&Prime;][et_pb_column type=\u00a0\u00bb4_4&Prime; _builder_version=\u00a0\u00bb3.25&Prime; custom_padding=\u00a0\u00bb|||\u00a0\u00bb custom_padding__hover=\u00a0\u00bb|||\u00a0\u00bb][et_pb_image src=\u00a0\u00bbhttps:\/\/rivegauche-magazine.ch\/wp-content\/uploads\/2021\/03\/BANDEAU_HISTOIRECHOULEX.jpg\u00a0\u00bb title_text=\u00a0\u00bbBANDEAU_HISTOIRECHOULEX\u00a0\u00bb force_fullwidth=\u00a0\u00bbon\u00a0\u00bb align_tablet=\u00a0\u00bbcenter\u00a0\u00bb align_phone=\u00a0\u00bb\u00a0\u00bb align_last_edited=\u00a0\u00bbon|desktop\u00a0\u00bb _builder_version=\u00a0\u00bb4.8.1&Prime;][\/et_pb_image][et_pb_text _builder_version=\u00a0\u00bb4.8.1&Prime; header_font=\u00a0\u00bbGeorgia||||||||\u00a0\u00bb header_font_size=\u00a0\u00bb52px\u00a0\u00bb header_font_size_tablet=\u00a0\u00bb44px\u00a0\u00bb header_font_size_phone=\u00a0\u00bb36px\u00a0\u00bb header_font_size_last_edited=\u00a0\u00bbon|phone\u00a0\u00bb]<\/p>\n<h1 style=\"text-align: center;\">Histoire de Choulex<\/h1>\n<p style=\"text-align: center;\">Informations sur <a href=\"http:\/\/www.choulex.ch\" target=\"_blank\" rel=\"noopener noreferrer\">www.choulex.ch<\/a><\/p>\n<p>[\/et_pb_text][\/et_pb_column][\/et_pb_row][et_pb_row column_structure=\u00a0\u00bb1_2,1_2&Prime; _builder_version=\u00a0\u00bb3.25&Prime;][et_pb_column type=\u00a0\u00bb1_2&Prime; _builder_version=\u00a0\u00bb3.25&Prime; custom_padding=\u00a0\u00bb|||\u00a0\u00bb custom_padding__hover=\u00a0\u00bb|||\u00a0\u00bb][et_pb_image src=\u00a0\u00bbhttps:\/\/rivegauche-magazine.ch\/wp-content\/uploads\/2021\/03\/2C_CHOULEX.jpg\u00a0\u00bb title_text=\u00a0\u00bb2C_CHOULEX\u00a0\u00bb force_fullwidth=\u00a0\u00bbon\u00a0\u00bb align_tablet=\u00a0\u00bbcenter\u00a0\u00bb align_phone=\u00a0\u00bb\u00a0\u00bb align_last_edited=\u00a0\u00bbon|desktop\u00a0\u00bb _builder_version=\u00a0\u00bb4.8.1&Prime;][\/et_pb_image][et_pb_text _builder_version=\u00a0\u00bb4.8.1&Prime; header_font=\u00a0\u00bbGeorgia||||||||\u00a0\u00bb header_font_size=\u00a0\u00bb52px\u00a0\u00bb header_font_size_tablet=\u00a0\u00bb44px\u00a0\u00bb header_font_size_phone=\u00a0\u00bb36px\u00a0\u00bb header_font_size_last_edited=\u00a0\u00bbon|phone\u00a0\u00bb]<\/p>\n<p style=\"text-align: justify;\">Quelques d\u00e9couvertes arch\u00e9ologiques faites dans la r\u00e9gion nous permettent de tracer l\u2019histoire de Choulex d\u00e8s l\u00b4\u00e9poque celtique. Plusieurs peuples d\u2019origine celtique occup\u00e8rent successivement la contr\u00e9e.<br \/>Les Romains colonis\u00e8rent le sol d\u2019une fa\u00e7on assez intense. Ils introduisirent dans nos r\u00e9gions des maisons construites en pierres recouvertes de tuiles rondes. Les b\u00e2timents \u00e9taient souvent \u00e9paul\u00e9s les uns aux autres.<br \/>Choulex \u00e9tait le fief d\u2019un gentilice romain. On pr\u00e9sume qu\u2019un nomm\u00e9 Caulius, de la Colonia Equestris, avait une villa dans cette contr\u00e9e et qu\u2019il donna son nom \u00e0 celle-ci. Une villa c\u00b4\u00e9tait d\u2019abord une maison rurale, une ferme, puis ce fut le centre d\u2019un domaine agricole. Par d\u00e9formation Caulius devint Cholay et ensuite Choulex.<\/p>\n<p>[\/et_pb_text][\/et_pb_column][et_pb_column type=\u00a0\u00bb1_2&Prime; _builder_version=\u00a0\u00bb3.25&Prime; custom_padding=\u00a0\u00bb|||\u00a0\u00bb custom_padding__hover=\u00a0\u00bb|||\u00a0\u00bb][et_pb_text _builder_version=\u00a0\u00bb4.8.1&Prime; header_font=\u00a0\u00bbGeorgia||||||||\u00a0\u00bb header_font_size=\u00a0\u00bb52px\u00a0\u00bb header_font_size_tablet=\u00a0\u00bb44px\u00a0\u00bb header_font_size_phone=\u00a0\u00bb36px\u00a0\u00bb header_font_size_last_edited=\u00a0\u00bbon|phone\u00a0\u00bb]<\/p>\n<p style=\"text-align: justify;\">Les Choul\u00e9siens, habitants de Choulex, ont encore la grande chance de tous se conna\u00eetre ou presque, compte tenu de leur nombre restreint et en r\u00e9sulte de solides amiti\u00e9s. <br \/>Il faut ajouter que la commune de Choulex a \u00e9t\u00e9 durant tr\u00e8s longtemps ignor\u00e9e de la plupart des habitants du canton, du fait qu\u2019elle est \u00e0 l\u00b4\u00e9cart des grands axes de circulation, discr\u00e8tement blottie dans son paysage verdoyant.<br \/>Depuis une vingtaine d\u00b4ann\u00e9es, avec l\u2019arriv\u00e9e de nouveaux habitants, la mentalit\u00e9 villageoise tend \u00e0 \u00e9voluer lentement, allant vers une ouverture plus large sur l\u00b4ext\u00e9rieur. Commune rest\u00e9e longtemps agricole, Choulex est devenue r\u00e9sidentielle.<br \/>Choulex mesure 3,91\u00a0km2. 15,1\u00a0% de cette superficie correspond \u00e0 des surfaces d\u2019habitat ou d\u2019infrastructure, 73,8\u00a0% \u00e0 des surfaces agricoles, 9,5\u00a0% \u00e0 des surfaces bois\u00e9es et 1,5\u00a0% \u00e0 des surfaces improductives.<\/p>\n<p>[\/et_pb_text][et_pb_image src=\u00a0\u00bbhttps:\/\/rivegauche-magazine.ch\/wp-content\/uploads\/2021\/03\/2C_CHOULEX2.png\u00a0\u00bb title_text=\u00a0\u00bb2C_CHOULEX2&Prime; force_fullwidth=\u00a0\u00bbon\u00a0\u00bb align_tablet=\u00a0\u00bbcenter\u00a0\u00bb align_phone=\u00a0\u00bb\u00a0\u00bb align_last_edited=\u00a0\u00bbon|desktop\u00a0\u00bb _builder_version=\u00a0\u00bb4.8.1&Prime;][\/et_pb_image][\/et_pb_column][\/et_pb_row][et_pb_row _builder_version=\u00a0\u00bb3.25&Prime;][et_pb_column type=\u00a0\u00bb4_4&Prime; _builder_version=\u00a0\u00bb3.25&Prime; custom_padding=\u00a0\u00bb|||\u00a0\u00bb custom_padding__hover=\u00a0\u00bb|||\u00a0\u00bb][et_pb_image src=\u00a0\u00bbhttps:\/\/rivegauche-magazine.ch\/wp-content\/uploads\/2021\/03\/BANDEAU_BLASON-3.jpg\u00a0\u00bb title_text=\u00a0\u00bbBANDEAU_BLASON\u00a0\u00bb force_fullwidth=\u00a0\u00bbon\u00a0\u00bb align_tablet=\u00a0\u00bbcenter\u00a0\u00bb align_phone=\u00a0\u00bb\u00a0\u00bb align_last_edited=\u00a0\u00bbon|desktop\u00a0\u00bb _builder_version=\u00a0\u00bb4.8.1&Prime;][\/et_pb_image][\/et_pb_column][\/et_pb_row][et_pb_row _builder_version=\u00a0\u00bb3.25&Prime;][et_pb_column type=\u00a0\u00bb4_4&Prime; _builder_version=\u00a0\u00bb3.25&Prime; custom_padding=\u00a0\u00bb|||\u00a0\u00bb custom_padding__hover=\u00a0\u00bb|||\u00a0\u00bb][et_pb_divider _builder_version=\u00a0\u00bb3.22.7&Prime;][\/et_pb_divider][\/et_pb_column][\/et_pb_row][\/et_pb_section]<\/p>\n","protected":false},"excerpt":{"rendered":"<p>Histoire de Choulex Informations sur www.choulex.chQuelques d\u00e9couvertes arch\u00e9ologiques faites dans la r\u00e9gion nous permettent de tracer l\u2019histoire de Choulex d\u00e8s l\u00b4\u00e9poque celtique. Plusieurs peuples d\u2019origine celtique occup\u00e8rent successivement la contr\u00e9e.Les Romains colonis\u00e8rent le sol d\u2019une fa\u00e7on assez intense. Ils introduisirent dans nos r\u00e9gions des maisons construites en pierres recouvertes de tuiles rondes. Les b\u00e2timents \u00e9taient [&hellip;]<\/p>\n","protected":false},"author":1,"featured_media":0,"parent":668,"menu_order":1,"comment_status":"closed","ping_status":"closed","template":"","meta":{"_et_pb_use_builder":"on","_et_pb_old_content":"","_et_gb_content_width":"","footnotes":""},"class_list":["post-684","page","type-page","status-publish","hentry"],"_links":{"self":[{"href":"https:\/\/geneve-et-vous-magazine.ch\/index.php\/wp-json\/wp\/v2\/pages\/684","targetHints":{"allow":["GET"]}}],"collection":[{"href":"https:\/\/geneve-et-vous-magazine.ch\/index.php\/wp-json\/wp\/v2\/pages"}],"about":[{"href":"https:\/\/geneve-et-vous-magazine.ch\/index.php\/wp-json\/wp\/v2\/types\/page"}],"author":[{"embeddable":true,"href":"https:\/\/geneve-et-vous-magazine.ch\/index.php\/wp-json\/wp\/v2\/users\/1"}],"replies":[{"embeddable":true,"href":"https:\/\/geneve-et-vous-magazine.ch\/index.php\/wp-json\/wp\/v2\/comments?post=684"}],"version-history":[{"count":13,"href":"https:\/\/geneve-et-vous-magazine.ch\/index.php\/wp-json\/wp\/v2\/pages\/684\/revisions"}],"predecessor-version":[{"id":7419,"href":"https:\/\/geneve-et-vous-magazine.ch\/index.php\/wp-json\/wp\/v2\/pages\/684\/revisions\/7419"}],"up":[{"embeddable":true,"href":"https:\/\/geneve-et-vous-magazine.ch\/index.php\/wp-json\/wp\/v2\/pages\/668"}],"wp:attachment":[{"href":"https:\/\/geneve-et-vous-magazine.ch\/index.php\/wp-json\/wp\/v2\/media?parent=684"}],"curies":[{"name":"wp","href":"https:\/\/api.w.org\/{rel}","templated":true}]}}