{"id":6169,"date":"2021-03-18T16:34:46","date_gmt":"2021-03-18T15:34:46","guid":{"rendered":"https:\/\/rivegauche-magazine.ch\/?page_id=6169"},"modified":"2021-03-18T16:34:51","modified_gmt":"2021-03-18T15:34:51","slug":"histoire-de-cologny","status":"publish","type":"page","link":"https:\/\/geneve-et-vous-magazine.ch\/index.php\/cologny\/histoire-de-cologny\/","title":{"rendered":"HISTOIRE DE COLOGNY"},"content":{"rendered":"<p>[et_pb_section fb_built=\u00a0\u00bb1&Prime; _builder_version=\u00a0\u00bb3.22.7&Prime;][et_pb_row _builder_version=\u00a0\u00bb3.25&Prime;][et_pb_column type=\u00a0\u00bb4_4&Prime; _builder_version=\u00a0\u00bb3.25&Prime; custom_padding=\u00a0\u00bb|||\u00a0\u00bb custom_padding__hover=\u00a0\u00bb|||\u00a0\u00bb][et_pb_image src=\u00a0\u00bbhttps:\/\/rivegauche-magazine.ch\/wp-content\/uploads\/2021\/03\/BANDEAU_COLOGNY.jpg\u00a0\u00bb title_text=\u00a0\u00bbBANDEAU_COLOGNY\u00a0\u00bb force_fullwidth=\u00a0\u00bbon\u00a0\u00bb align_tablet=\u00a0\u00bbcenter\u00a0\u00bb align_phone=\u00a0\u00bb\u00a0\u00bb align_last_edited=\u00a0\u00bbon|desktop\u00a0\u00bb _builder_version=\u00a0\u00bb4.8.1&Prime; hover_enabled=\u00a0\u00bb0&Prime; sticky_enabled=\u00a0\u00bb0&Prime;][\/et_pb_image][et_pb_text _builder_version=\u00a0\u00bb4.8.1&Prime; header_font=\u00a0\u00bbGeorgia||||||||\u00a0\u00bb header_font_size=\u00a0\u00bb52px\u00a0\u00bb hover_enabled=\u00a0\u00bb0&Prime; header_font_size_tablet=\u00a0\u00bb44px\u00a0\u00bb header_font_size_phone=\u00a0\u00bb36px\u00a0\u00bb header_font_size_last_edited=\u00a0\u00bbon|phone\u00a0\u00bb sticky_enabled=\u00a0\u00bb0&Prime;]<\/p>\n<h1 style=\"text-align: center;\">L&rsquo;HISTOIRE DE COLOGNY<\/h1>\n<p style=\"text-align: center;\">Plus d&rsquo;infos sur <a href=\"http:\/\/www.cologny.ch\">www.cologny.ch<\/a><\/p>\n<p>[\/et_pb_text][\/et_pb_column][\/et_pb_row][et_pb_row column_structure=\u00a0\u00bb1_2,1_2&Prime; _builder_version=\u00a0\u00bb3.25&Prime;][et_pb_column type=\u00a0\u00bb1_2&Prime; _builder_version=\u00a0\u00bb3.25&Prime; custom_padding=\u00a0\u00bb|||\u00a0\u00bb custom_padding__hover=\u00a0\u00bb|||\u00a0\u00bb][et_pb_text admin_label=\u00a0\u00bbTEXTE\u00a0\u00bb _builder_version=\u00a0\u00bb4.8.1&Prime; text_font=\u00a0\u00bb||||||||\u00a0\u00bb text_orientation=\u00a0\u00bbjustified\u00a0\u00bb hover_enabled=\u00a0\u00bb0&Prime; sticky_enabled=\u00a0\u00bb0&Prime;]<\/p>\n<p style=\"text-align: justify;\">Les stations palafittiques n\u00e9olithiques (\u00abLacustres \u00bb) de La Belotte sont les premi\u00e8res traces d\u2019habitant sur Cologny.<br \/>Le pays de Gen\u00e8ve fut conquit au IIe si\u00e8cle par les Romains.\u00a0L\u2019occupation romaine, qui dura pr\u00e8s de deux si\u00e8cles, permit le d\u00e9veloppement et la prosp\u00e9rit\u00e9 de notre r\u00e9gion. Les Romains r\u00e9alis\u00e8rent la voie qui reliait le Bourg-de-Four \u00e0 Corsier, en passant par Fronto (Frontenex) et Bonvard.<br \/>Au Moyen Age, le territoire de Cologny faisait partie du domaine des comtes de Gen\u00e8ve. Il appartint ensuite \u00e0 l\u2019Ev\u00each\u00e9, avant de voir son sort d\u00e9finitivement li\u00e9 \u00e0 celui de la R\u00e9publique de Gen\u00e8ve, par le trait\u00e9 des Franchises du 23 mai 1538.<br \/>A la fin du 16e et au d\u00e9but du 17e si\u00e8cle, certains imprimeurs genevois utilisent le nom Cologny (ou Colonia Allobrogum) comme lieu d\u2019\u00e9dition afin de contourner l\u2019interdiction de vendre leurs livres en France.<br \/>En 1754, au terme du trait\u00e9 de Turin, la r\u00e9gion de Ruth fut rattach\u00e9e au territoire genevois. C\u2019est l\u00e0 que la commune de Cologny trouva ses limites d\u00e9finitives, sous r\u00e9serve de deux modifications qui intervinrent dans le courant du XXe si\u00e8cle. La plus r\u00e9cente, qui remonte \u00e0 1982, est la cons\u00e9quence d\u2019un \u00e9change de terrain avec la Ville de Gen\u00e8ve.<br \/>L\u2019autre date de 1939 concerne la cession par la Ville de Gen\u00e8ve de l\u2019enclave de 15 m2 o\u00f9 se trouve le monument comm\u00e9moratif du d\u00e9barquement des Suisses au Port Noir.<\/p>\n<p>[\/et_pb_text][\/et_pb_column][et_pb_column type=\u00a0\u00bb1_2&Prime; _builder_version=\u00a0\u00bb3.25&Prime; custom_padding=\u00a0\u00bb|||\u00a0\u00bb custom_padding__hover=\u00a0\u00bb|||\u00a0\u00bb][et_pb_image src=\u00a0\u00bbhttps:\/\/rivegauche-magazine.ch\/wp-content\/uploads\/2021\/03\/2C_COLOGNY.jpg\u00a0\u00bb title_text=\u00a0\u00bb2C_COLOGNY\u00a0\u00bb align_tablet=\u00a0\u00bbcenter\u00a0\u00bb align_phone=\u00a0\u00bb\u00a0\u00bb align_last_edited=\u00a0\u00bbon|desktop\u00a0\u00bb _builder_version=\u00a0\u00bb4.8.1&Prime; hover_enabled=\u00a0\u00bb0&Prime; sticky_enabled=\u00a0\u00bb0&Prime;][\/et_pb_image][et_pb_text admin_label=\u00a0\u00bbTEXTE\u00a0\u00bb _builder_version=\u00a0\u00bb4.8.1&Prime; text_font=\u00a0\u00bb||||||||\u00a0\u00bb text_orientation=\u00a0\u00bbjustified\u00a0\u00bb hover_enabled=\u00a0\u00bb0&Prime; sticky_enabled=\u00a0\u00bb0&Prime;]<\/p>\n<p style=\"text-align: justify;\">Les habitants de Cologny se nomment les Colognotes. Cologny mesure 3,67 km2. 78 % de cette superficie correspond \u00e0 des surfaces d\u2019habitat ou d\u2019infrastructure, 17,60 % \u00e0 des surfaces agricoles, 4,10 % \u00e0 des surfaces bois\u00e9es et 0,30 % \u00e0 des surfaces improductives.<\/p>\n<p>[\/et_pb_text][\/et_pb_column][\/et_pb_row][et_pb_row _builder_version=\u00a0\u00bb3.25&Prime;][et_pb_column type=\u00a0\u00bb4_4&Prime; _builder_version=\u00a0\u00bb3.25&Prime; custom_padding=\u00a0\u00bb|||\u00a0\u00bb custom_padding__hover=\u00a0\u00bb|||\u00a0\u00bb][et_pb_image src=\u00a0\u00bbhttps:\/\/rivegauche-magazine.ch\/wp-content\/uploads\/2021\/03\/BANDEAU_BLASON-4.jpg\u00a0\u00bb title_text=\u00a0\u00bbBANDEAU_BLASON\u00a0\u00bb force_fullwidth=\u00a0\u00bbon\u00a0\u00bb align_tablet=\u00a0\u00bbcenter\u00a0\u00bb align_phone=\u00a0\u00bb\u00a0\u00bb align_last_edited=\u00a0\u00bbon|desktop\u00a0\u00bb _builder_version=\u00a0\u00bb4.8.1&Prime; hover_enabled=\u00a0\u00bb0&Prime; sticky_enabled=\u00a0\u00bb0&Prime;][\/et_pb_image][\/et_pb_column][\/et_pb_row][et_pb_row _builder_version=\u00a0\u00bb3.25&Prime;][et_pb_column type=\u00a0\u00bb4_4&Prime; _builder_version=\u00a0\u00bb3.25&Prime; custom_padding=\u00a0\u00bb|||\u00a0\u00bb custom_padding__hover=\u00a0\u00bb|||\u00a0\u00bb][et_pb_divider _builder_version=\u00a0\u00bb3.22.7&Prime;][\/et_pb_divider][\/et_pb_column][\/et_pb_row][\/et_pb_section]<\/p>\n","protected":false},"excerpt":{"rendered":"<p>L&rsquo;HISTOIRE DE COLOGNY Plus d&rsquo;infos sur www.cologny.ch Les stations palafittiques n\u00e9olithiques (\u00abLacustres \u00bb) de La Belotte sont les premi\u00e8res traces d\u2019habitant sur Cologny.Le pays de Gen\u00e8ve fut conquit au IIe si\u00e8cle par les Romains.\u00a0L\u2019occupation romaine, qui dura pr\u00e8s de deux si\u00e8cles, permit le d\u00e9veloppement et la prosp\u00e9rit\u00e9 de notre r\u00e9gion. Les Romains r\u00e9alis\u00e8rent la voie [&hellip;]<\/p>\n","protected":false},"author":2,"featured_media":0,"parent":734,"menu_order":1,"comment_status":"closed","ping_status":"closed","template":"","meta":{"_et_pb_use_builder":"on","_et_pb_old_content":"","_et_gb_content_width":"","footnotes":""},"class_list":["post-6169","page","type-page","status-publish","hentry"],"_links":{"self":[{"href":"https:\/\/geneve-et-vous-magazine.ch\/index.php\/wp-json\/wp\/v2\/pages\/6169","targetHints":{"allow":["GET"]}}],"collection":[{"href":"https:\/\/geneve-et-vous-magazine.ch\/index.php\/wp-json\/wp\/v2\/pages"}],"about":[{"href":"https:\/\/geneve-et-vous-magazine.ch\/index.php\/wp-json\/wp\/v2\/types\/page"}],"author":[{"embeddable":true,"href":"https:\/\/geneve-et-vous-magazine.ch\/index.php\/wp-json\/wp\/v2\/users\/2"}],"replies":[{"embeddable":true,"href":"https:\/\/geneve-et-vous-magazine.ch\/index.php\/wp-json\/wp\/v2\/comments?post=6169"}],"version-history":[{"count":5,"href":"https:\/\/geneve-et-vous-magazine.ch\/index.php\/wp-json\/wp\/v2\/pages\/6169\/revisions"}],"predecessor-version":[{"id":6175,"href":"https:\/\/geneve-et-vous-magazine.ch\/index.php\/wp-json\/wp\/v2\/pages\/6169\/revisions\/6175"}],"up":[{"embeddable":true,"href":"https:\/\/geneve-et-vous-magazine.ch\/index.php\/wp-json\/wp\/v2\/pages\/734"}],"wp:attachment":[{"href":"https:\/\/geneve-et-vous-magazine.ch\/index.php\/wp-json\/wp\/v2\/media?parent=6169"}],"curies":[{"name":"wp","href":"https:\/\/api.w.org\/{rel}","templated":true}]}}