{"id":6137,"date":"2021-03-18T16:19:16","date_gmt":"2021-03-18T15:19:16","guid":{"rendered":"https:\/\/rivegauche-magazine.ch\/?page_id=6137"},"modified":"2021-03-18T16:19:21","modified_gmt":"2021-03-18T15:19:21","slug":"histoire-de-corsier","status":"publish","type":"page","link":"https:\/\/geneve-et-vous-magazine.ch\/index.php\/corsier\/galerie-le-clin-doeil\/histoire-de-corsier\/","title":{"rendered":"Histoire de Corsier"},"content":{"rendered":"<p>[et_pb_section fb_built=\u00a0\u00bb1&Prime; _builder_version=\u00a0\u00bb3.22.7&Prime;][et_pb_row _builder_version=\u00a0\u00bb3.25&Prime;][et_pb_column type=\u00a0\u00bb4_4&Prime; _builder_version=\u00a0\u00bb3.25&Prime; custom_padding=\u00a0\u00bb|||\u00a0\u00bb custom_padding__hover=\u00a0\u00bb|||\u00a0\u00bb][et_pb_image src=\u00a0\u00bbhttps:\/\/rivegauche-magazine.ch\/wp-content\/uploads\/2021\/03\/BANDEAU_CORSIER.jpg\u00a0\u00bb title_text=\u00a0\u00bbBANDEAU_CORSIER\u00a0\u00bb align=\u00a0\u00bbcenter\u00a0\u00bb force_fullwidth=\u00a0\u00bbon\u00a0\u00bb align_tablet=\u00a0\u00bbcenter\u00a0\u00bb align_phone=\u00a0\u00bb\u00a0\u00bb align_last_edited=\u00a0\u00bbon|desktop\u00a0\u00bb _builder_version=\u00a0\u00bb4.8.1&Prime; hover_enabled=\u00a0\u00bb0&Prime; sticky_enabled=\u00a0\u00bb0&Prime;][\/et_pb_image][et_pb_text _builder_version=\u00a0\u00bb4.8.1&Prime; header_font=\u00a0\u00bbGeorgia||||||||\u00a0\u00bb header_font_size=\u00a0\u00bb52px\u00a0\u00bb hover_enabled=\u00a0\u00bb0&Prime; header_font_size_tablet=\u00a0\u00bb44px\u00a0\u00bb header_font_size_phone=\u00a0\u00bb36px\u00a0\u00bb header_font_size_last_edited=\u00a0\u00bbon|phone\u00a0\u00bb sticky_enabled=\u00a0\u00bb0&Prime;]<\/p>\n<h1 style=\"text-align: center;\">L&rsquo;HISTOIRE DE CORSIER<\/h1>\n<p style=\"text-align: center;\">Plus d\u2019infos sur : <a href=\"http:\/\/www.corsier.ch\/fr\/culture\/clindoeil\/\">www.corsier.ch<\/a><\/p>\n<p>[\/et_pb_text][\/et_pb_column][\/et_pb_row][et_pb_row column_structure=\u00a0\u00bb1_2,1_2&Prime; _builder_version=\u00a0\u00bb3.25&Prime;][et_pb_column type=\u00a0\u00bb1_2&Prime; _builder_version=\u00a0\u00bb3.25&Prime; custom_padding=\u00a0\u00bb|||\u00a0\u00bb custom_padding__hover=\u00a0\u00bb|||\u00a0\u00bb][et_pb_text admin_label=\u00a0\u00bbEXPOSITION 1&Prime; _builder_version=\u00a0\u00bb4.8.1&Prime; text_font=\u00a0\u00bb||||||||\u00a0\u00bb text_orientation=\u00a0\u00bbjustified\u00a0\u00bb hover_enabled=\u00a0\u00bb0&Prime; sticky_enabled=\u00a0\u00bb0&Prime;]<\/p>\n<p style=\"text-align: justify;\">Les plus anciens vestiges trouv\u00e9s le long des rives du\u00a0lac\u00a0t\u00e9moignent de l\u2019existence de plusieurs villages datant d\u2019avant l\u2019an 3000 avant notre \u00e8re. Le\u00a0site palafittique\u00a0de\u00a0Corsier-Port\u00a0est ainsi class\u00e9 au\u00a0patrimoine mondial de l\u2019UNESCO\u00a0ainsi que comme\u00a0bien culturel suisse d\u2019importance nationale.<br \/>Entre 1000 et 750\u00a0av. J.-C., les habitants quitt\u00e8rent le rivage pour s\u2019installer sur le plateau. Apr\u00e8s les\u00a0Celtes\u00a0et les\u00a0Allobroges, les\u00a0Romains\u00a0se fix\u00e8rent \u00e0 leur tour sur ce territoire.<br \/>C\u2019est \u00e0 eux que l\u2019on doit le nom de\u00a0Corsiacum, qui, \u00e0 travers les si\u00e8cles, se transforma en \u00ab\u00a0Corsier\u00a0\u00bb. Au\u00a0Moyen \u00c2ge, les seigneurs de Corsier r\u00e8gnent sur le village, alors que les alentours appartiennent au\u00a0Duch\u00e9 de Savoie.<\/p>\n<p>[\/et_pb_text][et_pb_image src=\u00a0\u00bbhttps:\/\/rivegauche-magazine.ch\/wp-content\/uploads\/2021\/03\/2C_CORSIER2-1.jpg\u00a0\u00bb title_text=\u00a0\u00bb2C_CORSIER2&Prime; align_tablet=\u00a0\u00bbcenter\u00a0\u00bb align_phone=\u00a0\u00bb\u00a0\u00bb align_last_edited=\u00a0\u00bbon|desktop\u00a0\u00bb _builder_version=\u00a0\u00bb4.8.1&Prime; hover_enabled=\u00a0\u00bb0&Prime; sticky_enabled=\u00a0\u00bb0&Prime;][\/et_pb_image][\/et_pb_column][et_pb_column type=\u00a0\u00bb1_2&Prime; _builder_version=\u00a0\u00bb3.25&Prime; custom_padding=\u00a0\u00bb|||\u00a0\u00bb custom_padding__hover=\u00a0\u00bb|||\u00a0\u00bb][et_pb_image src=\u00a0\u00bbhttps:\/\/rivegauche-magazine.ch\/wp-content\/uploads\/2021\/03\/2C_CORSIER.jpg\u00a0\u00bb title_text=\u00a0\u00bb2C_CORSIER\u00a0\u00bb align_tablet=\u00a0\u00bbcenter\u00a0\u00bb align_phone=\u00a0\u00bb\u00a0\u00bb align_last_edited=\u00a0\u00bbon|desktop\u00a0\u00bb _builder_version=\u00a0\u00bb4.8.1&Prime; hover_enabled=\u00a0\u00bb0&Prime; sticky_enabled=\u00a0\u00bb0&Prime;][\/et_pb_image][et_pb_text admin_label=\u00a0\u00bbEXPOSITION 2&Prime; _builder_version=\u00a0\u00bb4.8.1&Prime; text_font=\u00a0\u00bb||||||||\u00a0\u00bb text_orientation=\u00a0\u00bbjustified\u00a0\u00bb hover_enabled=\u00a0\u00bb0&Prime; sticky_enabled=\u00a0\u00bb0&Prime;]<\/p>\n<p>Apr\u00e8s avoir connu la r\u00e9forme protestante, Corsier redevint catholique \u00e0 la fin du XVIe si\u00e8cle, sous l\u2019influence de Saint Fran\u00e7ois de Sales, qui fut cur\u00e9 de Corsier entre 1595 et 1601. Int\u00e9gr\u00e9e en 1798 au d\u00e9partement fran\u00e7ais du L\u00e9man, Corsier devint suisse en 1816. De 1816 \u00e0 1858, Corsier forma une seule commune avec Ani\u00e8res. En 1858, Corsier (catholique) se s\u00e9para d\u2019Ani\u00e8res (protestante) pour des raisons essentiellement religieuses. En 2012, on a d\u00e9couvert une pierre \u00e0 cupules sous l\u2019\u00e9glise.<br \/>Les habitants de Corsier se nomment les Corsi\u00e9rois. Corsier mesure 2,74 km2. 33,5 % de cette superficie correspond \u00e0 des surfaces d\u2019habitat ou d\u2019infrastructure, 61,2 % \u00e0 des surfaces agricoles, 3,9 % \u00e0 des surfaces bois\u00e9es et 1,4 % \u00e0 des surfaces improductives.<\/p>\n<p>[\/et_pb_text][\/et_pb_column][\/et_pb_row][et_pb_row _builder_version=\u00a0\u00bb3.25&Prime;][et_pb_column type=\u00a0\u00bb4_4&Prime; _builder_version=\u00a0\u00bb3.25&Prime; custom_padding=\u00a0\u00bb|||\u00a0\u00bb custom_padding__hover=\u00a0\u00bb|||\u00a0\u00bb][et_pb_image src=\u00a0\u00bbhttps:\/\/rivegauche-magazine.ch\/wp-content\/uploads\/2021\/03\/BANDEAU_BLASON-CORSIER.jpg\u00a0\u00bb title_text=\u00a0\u00bbBANDEAU_BLASON CORSIER\u00a0\u00bb align=\u00a0\u00bbcenter\u00a0\u00bb force_fullwidth=\u00a0\u00bbon\u00a0\u00bb align_tablet=\u00a0\u00bbcenter\u00a0\u00bb align_phone=\u00a0\u00bb\u00a0\u00bb align_last_edited=\u00a0\u00bbon|desktop\u00a0\u00bb _builder_version=\u00a0\u00bb4.8.1&Prime; hover_enabled=\u00a0\u00bb0&Prime; sticky_enabled=\u00a0\u00bb0&Prime;][\/et_pb_image][\/et_pb_column][\/et_pb_row][et_pb_row _builder_version=\u00a0\u00bb3.25&Prime;][et_pb_column type=\u00a0\u00bb4_4&Prime; _builder_version=\u00a0\u00bb3.25&Prime; custom_padding=\u00a0\u00bb|||\u00a0\u00bb custom_padding__hover=\u00a0\u00bb|||\u00a0\u00bb][et_pb_divider _builder_version=\u00a0\u00bb3.22.7&Prime;][\/et_pb_divider][\/et_pb_column][\/et_pb_row][\/et_pb_section]<\/p>\n","protected":false},"excerpt":{"rendered":"<p>L&rsquo;HISTOIRE DE CORSIER Plus d\u2019infos sur : www.corsier.ch Les plus anciens vestiges trouv\u00e9s le long des rives du\u00a0lac\u00a0t\u00e9moignent de l\u2019existence de plusieurs villages datant d\u2019avant l\u2019an 3000 avant notre \u00e8re. Le\u00a0site palafittique\u00a0de\u00a0Corsier-Port\u00a0est ainsi class\u00e9 au\u00a0patrimoine mondial de l\u2019UNESCO\u00a0ainsi que comme\u00a0bien culturel suisse d\u2019importance nationale.Entre 1000 et 750\u00a0av. J.-C., les habitants quitt\u00e8rent le rivage pour s\u2019installer [&hellip;]<\/p>\n","protected":false},"author":2,"featured_media":0,"parent":697,"menu_order":1,"comment_status":"closed","ping_status":"closed","template":"","meta":{"_et_pb_use_builder":"on","_et_pb_old_content":"","_et_gb_content_width":"","footnotes":""},"class_list":["post-6137","page","type-page","status-publish","hentry"],"_links":{"self":[{"href":"https:\/\/geneve-et-vous-magazine.ch\/index.php\/wp-json\/wp\/v2\/pages\/6137","targetHints":{"allow":["GET"]}}],"collection":[{"href":"https:\/\/geneve-et-vous-magazine.ch\/index.php\/wp-json\/wp\/v2\/pages"}],"about":[{"href":"https:\/\/geneve-et-vous-magazine.ch\/index.php\/wp-json\/wp\/v2\/types\/page"}],"author":[{"embeddable":true,"href":"https:\/\/geneve-et-vous-magazine.ch\/index.php\/wp-json\/wp\/v2\/users\/2"}],"replies":[{"embeddable":true,"href":"https:\/\/geneve-et-vous-magazine.ch\/index.php\/wp-json\/wp\/v2\/comments?post=6137"}],"version-history":[{"count":6,"href":"https:\/\/geneve-et-vous-magazine.ch\/index.php\/wp-json\/wp\/v2\/pages\/6137\/revisions"}],"predecessor-version":[{"id":6148,"href":"https:\/\/geneve-et-vous-magazine.ch\/index.php\/wp-json\/wp\/v2\/pages\/6137\/revisions\/6148"}],"up":[{"embeddable":true,"href":"https:\/\/geneve-et-vous-magazine.ch\/index.php\/wp-json\/wp\/v2\/pages\/697"}],"wp:attachment":[{"href":"https:\/\/geneve-et-vous-magazine.ch\/index.php\/wp-json\/wp\/v2\/media?parent=6137"}],"curies":[{"name":"wp","href":"https:\/\/api.w.org\/{rel}","templated":true}]}}