{"id":4271,"date":"2020-07-22T11:36:07","date_gmt":"2020-07-22T09:36:07","guid":{"rendered":"https:\/\/rivegauche-magazine.ch\/?page_id=4271"},"modified":"2020-07-22T11:36:10","modified_gmt":"2020-07-22T09:36:10","slug":"animaux-passions-services","status":"publish","type":"page","link":"https:\/\/geneve-et-vous-magazine.ch\/index.php\/divers-animaux\/animaux-passions-services\/","title":{"rendered":"ANIMAUX PASSIONS SERVICES"},"content":{"rendered":"<p>[et_pb_section fb_built=\u00a0\u00bb1&Prime; _builder_version=\u00a0\u00bb3.22.7&Prime;][et_pb_row _builder_version=\u00a0\u00bb3.22.7&Prime;][et_pb_column type=\u00a0\u00bb4_4&Prime; _builder_version=\u00a0\u00bb3.22.7&Prime;][et_pb_divider _builder_version=\u00a0\u00bb3.22.7&Prime;][\/et_pb_divider][\/et_pb_column][\/et_pb_row][\/et_pb_section][et_pb_section fb_built=\u00a0\u00bb1&Prime; admin_label=\u00a0\u00bbArticles 1 colonne\u00a0\u00bb _builder_version=\u00a0\u00bb3.22.7&Prime; custom_margin=\u00a0\u00bb||\u00a0\u00bb custom_padding=\u00a0\u00bb0px|||||\u00a0\u00bb][et_pb_row custom_padding=\u00a0\u00bb0px||0px|||\u00a0\u00bb custom_margin=\u00a0\u00bb||\u00a0\u00bb padding_top_1=\u00a0\u00bb0px\u00a0\u00bb admin_label=\u00a0\u00bbTitre Agenda\u00a0\u00bb _builder_version=\u00a0\u00bb3.22.7&Prime;][et_pb_column type=\u00a0\u00bb2_5&Prime; _builder_version=\u00a0\u00bb3.22.7&Prime;][et_pb_image src=\u00a0\u00bbhttps:\/\/rivegauche-magazine.ch\/wp-content\/uploads\/2020\/07\/2-COLONNES-5.jpg\u00a0\u00bb _builder_version=\u00a0\u00bb3.22.7&Prime;][\/et_pb_image][\/et_pb_column][et_pb_column type=\u00a0\u00bb3_5&Prime; _builder_version=\u00a0\u00bb3.22.7&Prime;][et_pb_text admin_label=\u00a0\u00bbNOM CLIENT\u00a0\u00bb _builder_version=\u00a0\u00bb3.22.7&Prime; header_font=\u00a0\u00bb|||||on|||\u00a0\u00bb header_text_align=\u00a0\u00bbleft\u00a0\u00bb header_text_color=\u00a0\u00bb#000000&Prime; header_font_size=\u00a0\u00bb48px\u00a0\u00bb header_font_size_tablet=\u00a0\u00bb36px\u00a0\u00bb header_font_size_phone=\u00a0\u00bb24px\u00a0\u00bb header_font_size_last_edited=\u00a0\u00bbon|tablet\u00a0\u00bb custom_margin=\u00a0\u00bb|||\u00a0\u00bb]<\/p>\n<h1 style=\"text-align: left;\">ANIMAUX PASSIONS SERVICES<\/h1>\n<h3 class=\"hero__title hY9UDb \"><span class=\"hero__title-content CoIOBe nbOMh\" data-field=\"headline\">Pension &#8211; Promenade &#8211; \u00c9ducation canine<br \/><\/span><\/h3>\n<p>[\/et_pb_text][et_pb_button button_url=\u00a0\u00bbhttps:\/\/www.promenade-chien.ch\u00a0\u00bb url_new_window=\u00a0\u00bbon\u00a0\u00bb button_text=\u00a0\u00bbSITE INTERNET\u00a0\u00bb admin_label=\u00a0\u00bbBOUTON SITE WEB\u00a0\u00bb _builder_version=\u00a0\u00bb3.22.7&Prime;][\/et_pb_button][et_pb_text admin_label=\u00a0\u00bbCONTACT\u00a0\u00bb _builder_version=\u00a0\u00bb3.22.7&Prime;]<\/p>\n<p>N\u2019h\u00e9sitez pas \u00e0 nous contacter, nous vous r\u00e9pondons au plus vite !<\/p>\n<p>T\u00e9l. 079 552 15 16<\/p>\n<p>[\/et_pb_text][et_pb_text admin_label=\u00a0\u00bbDESCRIPTION\u00a0\u00bb _builder_version=\u00a0\u00bb3.22.7&Prime;]<\/p>\n<p style=\"text-align: justify;\">Alain, promeneur de chiens sur le Grand Gen\u00e8ve (agr\u00e9ment S. C. A. V.) avec une exp\u00e9rience de plus de 20 ans dans les animaux, vous propose des promenades en for\u00eat pour votre animal pr\u00e9f\u00e9r\u00e9.<\/p>\n<p style=\"text-align: justify;\">Il passe le prendre chez vous dans la matin\u00e9e et vous le ram\u00e8ne dans l\u2019apr\u00e8s-midi.<\/p>\n<p style=\"text-align: justify;\"><strong>D\u00e9roulement de la journ\u00e9e :<\/strong><\/p>\n<ul style=\"text-align: justify;\">\n<li>Votre animal sera l\u00e2ch\u00e9 dans une for\u00eat + 10 000m2 enti\u00e8rement s\u00e9curis\u00e9e et clos.<\/li>\n<li>En groupe ou seul, il pourra s\u2019\u00e9battre en ma compagnie, jeux de balles, passages d\u2019obstacles, c\u00e2lins et friandises au programme.<\/li>\n<\/ul>\n<p style=\"text-align: justify;\"><strong>Informations diverses sur les promenades d\u2019Animaux Passions<\/strong><\/p>\n<ul>\n<li style=\"text-align: justify;\">Tous les employ\u00e9s d\u2019Animaux Passions sont des promeneurs de chiens agr\u00e9\u00e9s par le S. C. A. V.<\/li>\n<li style=\"text-align: justify;\">Le v\u00e9hicule transporte votre chien dans des cages s\u00e9curis\u00e9es, de votre domicile au terrain ou ils pourront se d\u00e9fouler. Ce v\u00e9hicule est climatis\u00e9, il est \u00e9galement agr\u00e9\u00e9 par le S. C. A. V.<\/li>\n<li style=\"text-align: justify;\">Nous organiserons au pr\u00e9alable un rendez-vous pour convenir des besoins personnalis\u00e9s pour les prestations de promenade de votre chien.<\/li>\n<\/ul>\n<p>[\/et_pb_text][\/et_pb_column][\/et_pb_row][et_pb_row _builder_version=\u00a0\u00bb3.22.7&Prime;][et_pb_column type=\u00a0\u00bb4_4&Prime; _builder_version=\u00a0\u00bb3.22.7&Prime;][et_pb_divider _builder_version=\u00a0\u00bb3.22.7&Prime;][\/et_pb_divider][\/et_pb_column][\/et_pb_row][\/et_pb_section]<\/p>\n","protected":false},"excerpt":{"rendered":"<p>ANIMAUX PASSIONS SERVICES Pension &#8211; Promenade &#8211; \u00c9ducation canine N\u2019h\u00e9sitez pas \u00e0 nous contacter, nous vous r\u00e9pondons au plus vite ! T\u00e9l. 079 552 15 16 Alain, promeneur de chiens sur le Grand Gen\u00e8ve (agr\u00e9ment S. C. A. V.) avec une exp\u00e9rience de plus de 20 ans dans les animaux, vous propose des promenades en [&hellip;]<\/p>\n","protected":false},"author":2,"featured_media":0,"parent":1515,"menu_order":0,"comment_status":"closed","ping_status":"closed","template":"","meta":{"_et_pb_use_builder":"on","_et_pb_old_content":"","_et_gb_content_width":"","footnotes":""},"class_list":["post-4271","page","type-page","status-publish","hentry"],"_links":{"self":[{"href":"https:\/\/geneve-et-vous-magazine.ch\/index.php\/wp-json\/wp\/v2\/pages\/4271","targetHints":{"allow":["GET"]}}],"collection":[{"href":"https:\/\/geneve-et-vous-magazine.ch\/index.php\/wp-json\/wp\/v2\/pages"}],"about":[{"href":"https:\/\/geneve-et-vous-magazine.ch\/index.php\/wp-json\/wp\/v2\/types\/page"}],"author":[{"embeddable":true,"href":"https:\/\/geneve-et-vous-magazine.ch\/index.php\/wp-json\/wp\/v2\/users\/2"}],"replies":[{"embeddable":true,"href":"https:\/\/geneve-et-vous-magazine.ch\/index.php\/wp-json\/wp\/v2\/comments?post=4271"}],"version-history":[{"count":7,"href":"https:\/\/geneve-et-vous-magazine.ch\/index.php\/wp-json\/wp\/v2\/pages\/4271\/revisions"}],"predecessor-version":[{"id":4280,"href":"https:\/\/geneve-et-vous-magazine.ch\/index.php\/wp-json\/wp\/v2\/pages\/4271\/revisions\/4280"}],"up":[{"embeddable":true,"href":"https:\/\/geneve-et-vous-magazine.ch\/index.php\/wp-json\/wp\/v2\/pages\/1515"}],"wp:attachment":[{"href":"https:\/\/geneve-et-vous-magazine.ch\/index.php\/wp-json\/wp\/v2\/media?parent=4271"}],"curies":[{"name":"wp","href":"https:\/\/api.w.org\/{rel}","templated":true}]}}