{"id":2365,"date":"2020-03-22T14:24:44","date_gmt":"2020-03-22T13:24:44","guid":{"rendered":"https:\/\/rivegauche-magazine.ch\/?page_id=2365"},"modified":"2021-07-22T10:36:03","modified_gmt":"2021-07-22T08:36:03","slug":"leman-aesthetic-clinic","status":"publish","type":"page","link":"https:\/\/geneve-et-vous-magazine.ch\/index.php\/medical-2\/leman-aesthetic-clinic\/","title":{"rendered":"Leman Aesthetic Clinic"},"content":{"rendered":"<p>[et_pb_section fb_built=\u00a0\u00bb1&Prime; _builder_version=\u00a0\u00bb3.22.7&Prime;][et_pb_row _builder_version=\u00a0\u00bb3.25&Prime;][et_pb_column type=\u00a0\u00bb4_4&Prime; _builder_version=\u00a0\u00bb3.25&Prime; custom_padding=\u00a0\u00bb|||\u00a0\u00bb custom_padding__hover=\u00a0\u00bb|||\u00a0\u00bb][et_pb_divider _builder_version=\u00a0\u00bb3.22.7&Prime;][\/et_pb_divider][\/et_pb_column][\/et_pb_row][\/et_pb_section][et_pb_section fb_built=\u00a0\u00bb1&Prime; admin_label=\u00a0\u00bbArticles 1 colonne\u00a0\u00bb _builder_version=\u00a0\u00bb3.22.7&Prime; custom_margin=\u00a0\u00bb||\u00a0\u00bb custom_padding=\u00a0\u00bb0px|||||\u00a0\u00bb][et_pb_row column_structure=\u00a0\u00bb1_2,1_2&Prime; admin_label=\u00a0\u00bbTitre Agenda\u00a0\u00bb _builder_version=\u00a0\u00bb3.25&Prime; custom_margin=\u00a0\u00bb||\u00a0\u00bb custom_padding=\u00a0\u00bb0px||0px|||\u00a0\u00bb][et_pb_column type=\u00a0\u00bb1_2&Prime; _builder_version=\u00a0\u00bb3.25&Prime; custom_padding=\u00a0\u00bb0px|||\u00a0\u00bb custom_padding__hover=\u00a0\u00bb|||\u00a0\u00bb][et_pb_image src=\u00a0\u00bbhttps:\/\/rivegauche-magazine.ch\/wp-content\/uploads\/2021\/07\/2C_Leman_AestheticOK.jpg\u00a0\u00bb title_text=\u00a0\u00bb2C_Leman_AestheticOK\u00a0\u00bb align_tablet=\u00a0\u00bbcenter\u00a0\u00bb align_phone=\u00a0\u00bb\u00a0\u00bb align_last_edited=\u00a0\u00bbon|desktop\u00a0\u00bb _builder_version=\u00a0\u00bb4.8.1&Prime; hover_enabled=\u00a0\u00bb0&Prime; sticky_enabled=\u00a0\u00bb0&Prime;][\/et_pb_image][\/et_pb_column][et_pb_column type=\u00a0\u00bb1_2&Prime; _builder_version=\u00a0\u00bb3.25&Prime; custom_padding=\u00a0\u00bb|||\u00a0\u00bb custom_padding__hover=\u00a0\u00bb|||\u00a0\u00bb][et_pb_text admin_label=\u00a0\u00bbNOM CLIENT\u00a0\u00bb _builder_version=\u00a0\u00bb4.8.1&Prime; header_font=\u00a0\u00bb|||||on|||\u00a0\u00bb header_text_align=\u00a0\u00bbleft\u00a0\u00bb header_text_color=\u00a0\u00bb#000000&Prime; header_font_size=\u00a0\u00bb48px\u00a0\u00bb custom_margin=\u00a0\u00bb|||\u00a0\u00bb header_font_size_tablet=\u00a0\u00bb36px\u00a0\u00bb header_font_size_phone=\u00a0\u00bb24px\u00a0\u00bb header_font_size_last_edited=\u00a0\u00bbon|tablet\u00a0\u00bb]<\/p>\n<h1 style=\"text-align: left;\">LEMAN AESTHETIC CLINIC<\/h1>\n<h1 style=\"text-align: left;\"><span style=\"font-size: 22px;\">CHIRURGIE ET M\u00c9DECINE ESTH\u00c9TIQUE<\/span><\/h1>\n<p>[\/et_pb_text][et_pb_button button_url=\u00a0\u00bbhttp:\/\/www.leman-clinic.ch\/\u00a0\u00bb button_text=\u00a0\u00bbSITE INTERNET\u00a0\u00bb admin_label=\u00a0\u00bbBOUTON SITE WEB\u00a0\u00bb _builder_version=\u00a0\u00bb4.8.1&Prime; hover_enabled=\u00a0\u00bb0&Prime; custom_button=\u00a0\u00bbon\u00a0\u00bb sticky_enabled=\u00a0\u00bb0&Prime;][\/et_pb_button][et_pb_text admin_label=\u00a0\u00bbCONTACT\u00a0\u00bb _builder_version=\u00a0\u00bb4.6.6&Prime;]<\/p>\n<p><strong>GEN\u00c8VE<\/strong><br \/>1 rue \u00c9mile-Yung &#8211; 1205 Gen\u00e8ve<br \/>T\u00e9l. 022 346 59 56<\/p>\n<p><strong>NYON<\/strong><br \/>2 all\u00e9e de la Petite Prairie &#8211; 1260 Nyon<br \/>T\u00e9l. 022 346 59 59<\/p>\n<p><a href=\"mailto:info@leman-clinic.ch\">info@leman-clinic.ch<\/a><\/p>\n<p>[\/et_pb_text][\/et_pb_column][\/et_pb_row][et_pb_row _builder_version=\u00a0\u00bb4.8.1&Prime; _module_preset=\u00a0\u00bbdefault\u00a0\u00bb][et_pb_column _builder_version=\u00a0\u00bb4.8.1&Prime; _module_preset=\u00a0\u00bbdefault\u00a0\u00bb type=\u00a0\u00bb4_4&Prime;][et_pb_divider _builder_version=\u00a0\u00bb4.8.1&Prime; _module_preset=\u00a0\u00bbdefault\u00a0\u00bb hover_enabled=\u00a0\u00bb0&Prime; sticky_enabled=\u00a0\u00bb0&Prime;][\/et_pb_divider][\/et_pb_column][\/et_pb_row][et_pb_row _builder_version=\u00a0\u00bb4.8.1&Prime; _module_preset=\u00a0\u00bbdefault\u00a0\u00bb][et_pb_column type=\u00a0\u00bb4_4&Prime; _builder_version=\u00a0\u00bb4.8.1&Prime; _module_preset=\u00a0\u00bbdefault\u00a0\u00bb][et_pb_image src=\u00a0\u00bbhttps:\/\/rivegauche-magazine.ch\/wp-content\/uploads\/2021\/06\/BANDEAU_Leman_aesthetic.jpg\u00a0\u00bb title_text=\u00a0\u00bbBANDEAU_Leman_aesthetic\u00a0\u00bb _builder_version=\u00a0\u00bb4.8.1&Prime; _module_preset=\u00a0\u00bbdefault\u00a0\u00bb hover_enabled=\u00a0\u00bb0&Prime; force_fullwidth=\u00a0\u00bbon\u00a0\u00bb sticky_enabled=\u00a0\u00bb0&Prime;][\/et_pb_image][\/et_pb_column][\/et_pb_row][et_pb_row column_structure=\u00a0\u00bb1_2,1_2&Prime; admin_label=\u00a0\u00bbTitre Agenda\u00a0\u00bb _builder_version=\u00a0\u00bb3.25&Prime; custom_margin=\u00a0\u00bb||\u00a0\u00bb custom_padding=\u00a0\u00bb0px||0px|||\u00a0\u00bb][et_pb_column type=\u00a0\u00bb1_2&Prime; _builder_version=\u00a0\u00bb3.25&Prime; custom_padding=\u00a0\u00bb0px|||\u00a0\u00bb custom_padding__hover=\u00a0\u00bb|||\u00a0\u00bb][et_pb_text _builder_version=\u00a0\u00bb4.8.1&Prime; _module_preset=\u00a0\u00bbdefault\u00a0\u00bb]<\/p>\n<div class=\"page\" title=\"Page 90\">\n<div class=\"layoutArea\">\n<div class=\"column\">\n<p style=\"text-align: justify;\">Avec le temps la peau perd de son e\u0301paisseur et de son e\u0301lasticite\u0301, ce qui forme des rides et ridules. Les diffe\u0301rentes structures profondes du visage subissent aussi un rela\u0302chement et le visage perd globalement du volume.<br \/>Il existe actuellement deux grandes cate\u0301gories d\u2019injection pour traiter et surtout pre\u0301venir de manie\u0300re efficace les premiers signes du vieillissement de manie\u0300re non chirurgicale. D\u2019une part il y a la toxine botulique (botox) et d\u2019autre part, l\u2019acide hyaluronique. Ces produits, malgre\u0301 leur notorie\u0301te\u0301 publique, sont encore tre\u0300s fre\u0301quemment confondus.<\/p>\n<p style=\"text-align: justify;\">La toxine botulique ou \u00ab botox \u00bb est un me\u0301dicament. Elle n\u2019ame\u0300ne aucun volume et est injecte\u0301e dans certains muscles de la mimique du visage, qu\u2019elle mettra temporairement au repos. Elle va donc e\u0302tre efficace sur les rides que nous appelons dynamiques, car elles sont lie\u0301es a\u0300 un mouvement musculaire re\u0301pe\u0301te\u0301. Ce produit est principalement utilise\u0301 pour le front, la re\u0301gion entre les sourcils pour la ride du lion et le co\u0302te\u0301 des yeux pour les rides de la patte d\u2019oie. Dans certains cas d\u2019autres utilisations sont aussi possibles.<\/p>\n<\/div>\n<\/div>\n<\/div>\n<p>[\/et_pb_text][et_pb_image src=\u00a0\u00bbhttps:\/\/rivegauche-magazine.ch\/wp-content\/uploads\/2021\/06\/2C_Leman_Aesthetic5.jpg\u00a0\u00bb title_text=\u00a0\u00bb2C_Leman_Aesthetic5&Prime; align_tablet=\u00a0\u00bbcenter\u00a0\u00bb align_phone=\u00a0\u00bb\u00a0\u00bb align_last_edited=\u00a0\u00bbon|desktop\u00a0\u00bb _builder_version=\u00a0\u00bb4.8.1&Prime;][\/et_pb_image][et_pb_text _builder_version=\u00a0\u00bb4.8.1&Prime; _module_preset=\u00a0\u00bbdefault\u00a0\u00bb]<\/p>\n<p style=\"text-align: justify;\">L\u2019acide hyaluronique lui, est un gel constitue\u0301 d\u2019une mole\u0301cule du me\u0302me nom que nous avons tous dans notre corps et qui participe au volume et a\u0300 l\u2019hydratation de la peau. Ce produit sera injecte\u0301 pour restaurer les volumes et\/ou combler certaines rides dites passives.<br \/>Beaucoup de craintes accompagnent souvent l\u2019utilisation de ces deux produits. C\u2019est pourquoi il est tre\u0300s important de bien choisir son chirurgien et de pouvoir ouvertement discuter des possibilite\u0301s et des craintes lie\u0301es a\u0300 ces traitements. Il est possible d\u2019obtenir des re\u0301sultats tre\u0300s subtils et tout a\u0300 fait naturels si le traitement est adapte\u0301, personnalise\u0301 et bien dose\u0301.\u00a0Mais il y a aussi une limite, qu\u2019il ne faut e\u0301videmment pas franchir. Vous devez pouvoir compter sur un conseil avise\u0301. De plus, il faut savoir qu\u2019entre des mains expertes, il est possible de corriger une multitude d\u2019imperfections autres que celles lie\u0301es au vieillissement, comme des le\u0300vres un peu fines, un menton trop recule\u0301 ou une arre\u0302te nasale irre\u0301gulie\u0300re. Il est aussi possible, avec une bonne capacite\u0301 d\u2019analyse, de modifier et d\u2019ame\u0301liorer un regard triste ou ferme\u0301, un air fatigue\u0301 ou me\u0301chant ou de donner un co\u0302te\u0301 plus masculin ou plus fe\u0301minin a\u0300 un visage, selon les de\u0301sirs des patients.<\/p>\n<p style=\"text-align: justify;\">Le traitement se fait dans le cabinet et en ambulatoire, et il n\u2019y a pas de pre\u0301paration particulie\u0300re a\u0300 respecter avant le traitement. La proce\u0301dure est relativement simple et peu douloureuse. Certains endroits un peu plus sensibles comme les le\u0300vres ou les paupie\u0300res peuvent motiver la re\u0301alisation d\u2019une petite anesthe\u0301sie locale par injection ou par application pre\u0301alable d\u2019une cre\u0300me anesthe\u0301siante.\u00a0Suivant le nombre de zones a\u0300 traiter et la quantite\u0301 de produit ne\u0301cessaire, la dure\u0301e du traitement varie de 20 a\u0300 40 minutes environ.<br \/>En ge\u0301ne\u0301ral une seule se\u0301ance suffit. Nous proposons syste\u0301matiquement un rendez-vous de contro\u0302le a\u0300 2 semaines du traitement pour d\u2019e\u0301ventuelles retouches.<\/p>\n<p>[\/et_pb_text][\/et_pb_column][et_pb_column type=\u00a0\u00bb1_2&Prime; _builder_version=\u00a0\u00bb3.25&Prime; custom_padding=\u00a0\u00bb|||\u00a0\u00bb custom_padding__hover=\u00a0\u00bb|||\u00a0\u00bb][et_pb_image src=\u00a0\u00bbhttps:\/\/rivegauche-magazine.ch\/wp-content\/uploads\/2021\/06\/2C_Leman_Aesthetic3.jpg\u00a0\u00bb title_text=\u00a0\u00bb2C_Leman_Aesthetic3&Prime; align_tablet=\u00a0\u00bbcenter\u00a0\u00bb align_phone=\u00a0\u00bb\u00a0\u00bb align_last_edited=\u00a0\u00bbon|desktop\u00a0\u00bb _builder_version=\u00a0\u00bb4.8.1&Prime;][\/et_pb_image][et_pb_text admin_label=\u00a0\u00bbtexte\u00a0\u00bb _builder_version=\u00a0\u00bb4.8.1&Prime;]<\/p>\n<div class=\"page\" title=\"Page 91\">\n<div class=\"layoutArea\">\n<div class=\"column\">\n<p style=\"text-align: justify;\">A nouveau, en fonction du nombre de zones a\u0300 traiter, un projet global peut e\u0302tre e\u0301tabli avec le patient et re\u0301alise\u0301 en plusieurs se\u0301ances pour un plus grand confort si ne\u0301cessaire.<br \/>Ces traitements n\u2019exigent aucune e\u0301viction sociale et n\u2019engendrent aucune incapacite\u0301 de travail. Le patient peut me\u0302me retourner travailler ou se rendre a\u0300 un di\u0302ner entre amis imme\u0301diatement apre\u0300s la proce\u0301dure.<\/p>\n<\/div>\n<\/div>\n<\/div>\n<p>[\/et_pb_text][et_pb_text admin_label=\u00a0\u00bbtexte\u00a0\u00bb _builder_version=\u00a0\u00bb4.8.1&Prime;]<\/p>\n<div class=\"page\" title=\"Page 91\">\n<div class=\"layoutArea\">\n<div class=\"column\">\n<div class=\"page\" title=\"Page 91\">\n<div class=\"layoutArea\">\n<div class=\"column\">\n<p style=\"text-align: justify;\">Toutefois le traitement peut provoquer de petits he\u0301matomes et ecchymoses qui peuvent parfois e\u0302tre difficiles a\u0300 camoufler et disparaissent apre\u0300s quelques jours.<\/p>\n<p style=\"text-align: justify;\">Pour le botox, l\u2019effet n\u2019est pas imme\u0301diat et commence apre\u0300s 3-4 jours. Pour les acides hyaluroniques une grande partie du re\u0301sultat est visible imme\u0301diatement. Cependant un le\u0301ger gonflement initial peut apparai\u0302tre et le produit a besoin de quelques jours pour se mettre en place et donner au patient la possibilite\u0301 d\u2019appre\u0301cier le re\u0301sultat final.\u00a0Le re\u0301sultat est ensuite en ge\u0301ne\u0301ral maintenu entre 6 et 24 mois en fonction de la zone traite\u0301e et du type de produit choisi. Suite a\u0300 quoi le corps aura progressivement et naturellement re\u0301sorbe\u0301 le produit.<br \/>Les contre-indications pour ce genre de traitement sont peu nombreuses. L\u2019acide hyaluronique e\u0301tant naturellement pre\u0301sent dans notre organisme, les allergies sont tre\u0300s rares. Toutefois il faut faire preuve de prudence en cas d\u2019ante\u0301ce\u0301dents allergiques se\u0301ve\u0300res chez le patient. Dans ce cas, un test pre\u0301alable est recommande\u0301.\u00a0Pour finir, et par principe de pre\u0301caution, il n\u2019est pas recommande\u0301 d\u2019effectuer ces traitements en\u00a0cas de grossesse ou d\u2019allaitement.<\/p>\n<\/div>\n<\/div>\n<\/div>\n<\/div>\n<\/div>\n<\/div>\n<p>[\/et_pb_text][et_pb_image src=\u00a0\u00bbhttps:\/\/rivegauche-magazine.ch\/wp-content\/uploads\/2021\/06\/2C_Leman_Aesthetic6.jpg\u00a0\u00bb title_text=\u00a0\u00bb2C_Leman_Aesthetic6&Prime; align_tablet=\u00a0\u00bbcenter\u00a0\u00bb align_phone=\u00a0\u00bb\u00a0\u00bb align_last_edited=\u00a0\u00bbon|desktop\u00a0\u00bb _builder_version=\u00a0\u00bb4.8.1&Prime;][\/et_pb_image][\/et_pb_column][\/et_pb_row][et_pb_row _builder_version=\u00a0\u00bb3.25&Prime;][et_pb_column type=\u00a0\u00bb4_4&Prime; _builder_version=\u00a0\u00bb3.25&Prime; custom_padding=\u00a0\u00bb|||\u00a0\u00bb custom_padding__hover=\u00a0\u00bb|||\u00a0\u00bb][et_pb_divider _builder_version=\u00a0\u00bb3.22.7&Prime;][\/et_pb_divider][\/et_pb_column][\/et_pb_row][\/et_pb_section]<\/p>\n","protected":false},"excerpt":{"rendered":"<p>LEMAN AESTHETIC CLINIC CHIRURGIE ET M\u00c9DECINE ESTH\u00c9TIQUEGEN\u00c8VE1 rue \u00c9mile-Yung &#8211; 1205 Gen\u00e8veT\u00e9l. 022 346 59 56 NYON2 all\u00e9e de la Petite Prairie &#8211; 1260 NyonT\u00e9l. 022 346 59 59 info@leman-clinic.ch Avec le temps la peau perd de son e\u0301paisseur et de son e\u0301lasticite\u0301, ce qui forme des rides et ridules. Les diffe\u0301rentes structures profondes du [&hellip;]<\/p>\n","protected":false},"author":3,"featured_media":0,"parent":1368,"menu_order":0,"comment_status":"closed","ping_status":"closed","template":"","meta":{"_et_pb_use_builder":"on","_et_pb_old_content":"","_et_gb_content_width":"","footnotes":""},"class_list":["post-2365","page","type-page","status-publish","hentry"],"_links":{"self":[{"href":"https:\/\/geneve-et-vous-magazine.ch\/index.php\/wp-json\/wp\/v2\/pages\/2365","targetHints":{"allow":["GET"]}}],"collection":[{"href":"https:\/\/geneve-et-vous-magazine.ch\/index.php\/wp-json\/wp\/v2\/pages"}],"about":[{"href":"https:\/\/geneve-et-vous-magazine.ch\/index.php\/wp-json\/wp\/v2\/types\/page"}],"author":[{"embeddable":true,"href":"https:\/\/geneve-et-vous-magazine.ch\/index.php\/wp-json\/wp\/v2\/users\/3"}],"replies":[{"embeddable":true,"href":"https:\/\/geneve-et-vous-magazine.ch\/index.php\/wp-json\/wp\/v2\/comments?post=2365"}],"version-history":[{"count":6,"href":"https:\/\/geneve-et-vous-magazine.ch\/index.php\/wp-json\/wp\/v2\/pages\/2365\/revisions"}],"predecessor-version":[{"id":8454,"href":"https:\/\/geneve-et-vous-magazine.ch\/index.php\/wp-json\/wp\/v2\/pages\/2365\/revisions\/8454"}],"up":[{"embeddable":true,"href":"https:\/\/geneve-et-vous-magazine.ch\/index.php\/wp-json\/wp\/v2\/pages\/1368"}],"wp:attachment":[{"href":"https:\/\/geneve-et-vous-magazine.ch\/index.php\/wp-json\/wp\/v2\/media?parent=2365"}],"curies":[{"name":"wp","href":"https:\/\/api.w.org\/{rel}","templated":true}]}}