{"id":2151,"date":"2020-03-11T14:36:46","date_gmt":"2020-03-11T13:36:46","guid":{"rendered":"https:\/\/rivegauche-magazine.ch\/?page_id=2151"},"modified":"2020-03-25T17:44:23","modified_gmt":"2020-03-25T16:44:23","slug":"wicked-wool","status":"publish","type":"page","link":"https:\/\/geneve-et-vous-magazine.ch\/index.php\/mode-pret-a-porter-accessoires\/wicked-wool\/","title":{"rendered":"Wicked Wool"},"content":{"rendered":"<p>[et_pb_section fb_built=\u00a0\u00bb1&Prime; _builder_version=\u00a0\u00bb3.22.7&Prime;][et_pb_row _builder_version=\u00a0\u00bb3.22.7&Prime;][et_pb_column type=\u00a0\u00bb4_4&Prime; _builder_version=\u00a0\u00bb3.22.7&Prime;][et_pb_divider _builder_version=\u00a0\u00bb3.22.7&Prime;][\/et_pb_divider][\/et_pb_column][\/et_pb_row][\/et_pb_section][et_pb_section fb_built=\u00a0\u00bb1&Prime; admin_label=\u00a0\u00bbArticles 1 colonne\u00a0\u00bb _builder_version=\u00a0\u00bb3.22.7&Prime; custom_margin=\u00a0\u00bb||\u00a0\u00bb custom_padding=\u00a0\u00bb0px|||||\u00a0\u00bb][et_pb_row custom_padding=\u00a0\u00bb0px||0px|||\u00a0\u00bb custom_margin=\u00a0\u00bb||\u00a0\u00bb padding_top_1=\u00a0\u00bb0px\u00a0\u00bb admin_label=\u00a0\u00bbTitre Agenda\u00a0\u00bb _builder_version=\u00a0\u00bb3.22.7&Prime;][et_pb_column type=\u00a0\u00bb1_2&Prime; _builder_version=\u00a0\u00bb3.22.7&Prime;][et_pb_image src=\u00a0\u00bbhttps:\/\/rivegauche-magazine.ch\/wp-content\/uploads\/2020\/03\/wicked-wool.jpg\u00a0\u00bb _builder_version=\u00a0\u00bb3.22.7&Prime;][\/et_pb_image][\/et_pb_column][et_pb_column type=\u00a0\u00bb1_2&Prime; _builder_version=\u00a0\u00bb3.22.7&Prime;][et_pb_text admin_label=\u00a0\u00bbNOM CLIENT\u00a0\u00bb _builder_version=\u00a0\u00bb3.22.7&Prime; header_font=\u00a0\u00bb|||||on|||\u00a0\u00bb header_text_align=\u00a0\u00bbleft\u00a0\u00bb header_text_color=\u00a0\u00bb#000000&Prime; header_font_size=\u00a0\u00bb48px\u00a0\u00bb header_font_size_tablet=\u00a0\u00bb36px\u00a0\u00bb header_font_size_phone=\u00a0\u00bb24px\u00a0\u00bb header_font_size_last_edited=\u00a0\u00bbon|tablet\u00a0\u00bb custom_margin=\u00a0\u00bb|||\u00a0\u00bb]<\/p>\n<h1 style=\"text-align: left;\">WICKED WOOL<\/h1>\n<h3 class=\"hero__title hY9UDb \"><span class=\"hero__title-content CoIOBe nbOMh\" data-field=\"headline\">LAINE &amp; CAF\u00c9<br \/><\/span><\/h3>\n<p>[\/et_pb_text][et_pb_button button_url=\u00a0\u00bbhttps:\/\/wickedwool.fr\/\u00a0\u00bb url_new_window=\u00a0\u00bbon\u00a0\u00bb button_text=\u00a0\u00bbSITE INTERNET\u00a0\u00bb admin_label=\u00a0\u00bbBOUTON SITE WEB\u00a0\u00bb _builder_version=\u00a0\u00bb3.22.7&Prime;][\/et_pb_button][et_pb_text admin_label=\u00a0\u00bbCONTACT\u00a0\u00bb _builder_version=\u00a0\u00bb3.22.7&Prime;]<\/p>\n<h4><strong>NOUVELLE BOUTIQUE<\/strong><\/h4>\n<p>51 Chemin de Savouille &#8211; 74140 Veigy-Foncenex<br \/>T\u00e9l. : +33(0)7 72 39 00 96<\/p>\n<p><a href=\"mailto:info@wickedwool.fr\">info@wickedwool.fr<\/a><\/p>\n<p>HORAIRES D\u2019OUVERTURE <br \/>Du mardi au vendredi de 10h \u00e0 18h \u2022 Le samedi de 9h \u00e0 17h<\/p>\n<p>[\/et_pb_text][et_pb_text admin_label=\u00a0\u00bbDESCRIPTION\u00a0\u00bb _builder_version=\u00a0\u00bb3.22.7&Prime;]<\/p>\n<p>D\u00e9couvrez un nouvel univers, \u00e0 quelques pas de la fronti\u00e8re Suisse, \u00e0 Veigy-Foncenex. Retrouvez d\u00e9tente et convivialit\u00e9, entre pelotes de laine et petits plats bio.<\/p>\n<p>Dans la boutique, des espaces d\u00e9di\u00e9s aux belles laines de diff\u00e9rentes marques\u00a0: Scheepjes, Katia, the Fibre &amp; Co, BC Garn, Kremke,\u2026. et tellement d\u2019autres. Des laines de qualit\u00e9, des laines bio, des laines certifi\u00e9es GOTS mais surtout des couleurs\u00a0!!<br \/>Vous \u00eates accueillis par une passionn\u00e9e, Barbara Blackburne, qui vous conseille et vous accompagne dans vos projets cr\u00e9atifs. Un large choix de mod\u00e8les sont mis \u00e0 la disposition de chaque visiteur.<\/p>\n<p>[\/et_pb_text][\/et_pb_column][\/et_pb_row][et_pb_row _builder_version=\u00a0\u00bb3.22.7&Prime;][et_pb_column type=\u00a0\u00bb4_4&Prime; _builder_version=\u00a0\u00bb3.22.7&Prime;][et_pb_divider _builder_version=\u00a0\u00bb3.22.7&Prime;][\/et_pb_divider][\/et_pb_column][\/et_pb_row][\/et_pb_section]<\/p>\n","protected":false},"excerpt":{"rendered":"<p>WICKED WOOL LAINE &amp; CAF\u00c9NOUVELLE BOUTIQUE 51 Chemin de Savouille &#8211; 74140 Veigy-FoncenexT\u00e9l. : +33(0)7 72 39 00 96 info@wickedwool.fr HORAIRES D\u2019OUVERTURE Du mardi au vendredi de 10h \u00e0 18h \u2022 Le samedi de 9h \u00e0 17hD\u00e9couvrez un nouvel univers, \u00e0 quelques pas de la fronti\u00e8re Suisse, \u00e0 Veigy-Foncenex. Retrouvez d\u00e9tente et convivialit\u00e9, entre pelotes [&hellip;]<\/p>\n","protected":false},"author":2,"featured_media":0,"parent":1271,"menu_order":0,"comment_status":"closed","ping_status":"closed","template":"","meta":{"_et_pb_use_builder":"on","_et_pb_old_content":"","_et_gb_content_width":"","footnotes":""},"class_list":["post-2151","page","type-page","status-publish","hentry"],"_links":{"self":[{"href":"https:\/\/geneve-et-vous-magazine.ch\/index.php\/wp-json\/wp\/v2\/pages\/2151","targetHints":{"allow":["GET"]}}],"collection":[{"href":"https:\/\/geneve-et-vous-magazine.ch\/index.php\/wp-json\/wp\/v2\/pages"}],"about":[{"href":"https:\/\/geneve-et-vous-magazine.ch\/index.php\/wp-json\/wp\/v2\/types\/page"}],"author":[{"embeddable":true,"href":"https:\/\/geneve-et-vous-magazine.ch\/index.php\/wp-json\/wp\/v2\/users\/2"}],"replies":[{"embeddable":true,"href":"https:\/\/geneve-et-vous-magazine.ch\/index.php\/wp-json\/wp\/v2\/comments?post=2151"}],"version-history":[{"count":5,"href":"https:\/\/geneve-et-vous-magazine.ch\/index.php\/wp-json\/wp\/v2\/pages\/2151\/revisions"}],"predecessor-version":[{"id":2792,"href":"https:\/\/geneve-et-vous-magazine.ch\/index.php\/wp-json\/wp\/v2\/pages\/2151\/revisions\/2792"}],"up":[{"embeddable":true,"href":"https:\/\/geneve-et-vous-magazine.ch\/index.php\/wp-json\/wp\/v2\/pages\/1271"}],"wp:attachment":[{"href":"https:\/\/geneve-et-vous-magazine.ch\/index.php\/wp-json\/wp\/v2\/media?parent=2151"}],"curies":[{"name":"wp","href":"https:\/\/api.w.org\/{rel}","templated":true}]}}