{"id":10652,"date":"2022-03-29T10:33:03","date_gmt":"2022-03-29T08:33:03","guid":{"rendered":"https:\/\/rivegauche-magazine.ch\/?page_id=10652"},"modified":"2022-07-15T13:20:26","modified_gmt":"2022-07-15T11:20:26","slug":"institut-fleur-de-lotus","status":"publish","type":"page","link":"https:\/\/geneve-et-vous-magazine.ch\/index.php\/institut-salon\/institut-fleur-de-lotus\/","title":{"rendered":"Institut Fleur de Lotus"},"content":{"rendered":"<p>[et_pb_section fb_built=\u00a0\u00bb1&Prime; _builder_version=\u00a0\u00bb4.16&Prime; global_colors_info=\u00a0\u00bb{}\u00a0\u00bb][et_pb_row _builder_version=\u00a0\u00bb4.16&Prime; global_colors_info=\u00a0\u00bb{}\u00a0\u00bb][et_pb_column type=\u00a0\u00bb4_4&Prime; _builder_version=\u00a0\u00bb4.16&Prime; custom_padding=\u00a0\u00bb|||\u00a0\u00bb global_colors_info=\u00a0\u00bb{}\u00a0\u00bb custom_padding__hover=\u00a0\u00bb|||\u00a0\u00bb][\/et_pb_column][\/et_pb_row][\/et_pb_section][et_pb_section fb_built=\u00a0\u00bb1&Prime; admin_label=\u00a0\u00bbArticles 1 colonne\u00a0\u00bb _builder_version=\u00a0\u00bb4.16&Prime; custom_margin=\u00a0\u00bb||\u00a0\u00bb custom_padding=\u00a0\u00bb0px|||||\u00a0\u00bb global_colors_info=\u00a0\u00bb{}\u00a0\u00bb][et_pb_row column_structure=\u00a0\u00bb1_2,1_2&Prime; admin_label=\u00a0\u00bbTitre Agenda\u00a0\u00bb _builder_version=\u00a0\u00bb4.16&Prime; custom_margin=\u00a0\u00bb||\u00a0\u00bb custom_padding=\u00a0\u00bb0px||0px|||\u00a0\u00bb global_colors_info=\u00a0\u00bb{}\u00a0\u00bb][et_pb_column type=\u00a0\u00bb1_2&Prime; _builder_version=\u00a0\u00bb4.16&Prime; custom_padding=\u00a0\u00bb0px|||\u00a0\u00bb global_colors_info=\u00a0\u00bb{}\u00a0\u00bb custom_padding__hover=\u00a0\u00bb|||\u00a0\u00bb][et_pb_image src=\u00a0\u00bbhttps:\/\/rivegauche-magazine.ch\/wp-content\/uploads\/2022\/03\/VIGNETTEFLEURDELOTUSESTHETIQUE.png\u00a0\u00bb title_text=\u00a0\u00bbVIGNETTEFLEURDELOTUSESTHETIQUE\u00a0\u00bb force_fullwidth=\u00a0\u00bbon\u00a0\u00bb align_tablet=\u00a0\u00bbcenter\u00a0\u00bb align_phone=\u00a0\u00bb\u00a0\u00bb align_last_edited=\u00a0\u00bbon|desktop\u00a0\u00bb _builder_version=\u00a0\u00bb4.16&Prime; global_colors_info=\u00a0\u00bb{}\u00a0\u00bb][\/et_pb_image][\/et_pb_column][et_pb_column type=\u00a0\u00bb1_2&Prime; _builder_version=\u00a0\u00bb4.16&Prime; custom_padding=\u00a0\u00bb|||\u00a0\u00bb global_colors_info=\u00a0\u00bb{}\u00a0\u00bb custom_padding__hover=\u00a0\u00bb|||\u00a0\u00bb][et_pb_text content_tablet=\u00a0\u00bb<\/p>\n<h1 style=%22text-align: left;%22>INSTITUT FLEUR DE LOTUS<\/h1>\n<h3 class=%22hero__title hY9UDb %22><span class=%22hero__title-content CoIOBe nbOMh%22 data-field=%22headline%22>ESTH\u00c9TIQUE ET BIEN-\u00caTRE<br \/><\/span><\/h3>\n<p>\u00a0\u00bb content_phone=\u00a0\u00bb<\/p>\n<h1 style=%22text-align: center;%22>INSTITUT<br \/>FLEUR DE LOTUS<\/h1>\n<h3 class=%22hero__title hY9UDb %22 style=%22text-align: center;%22><span class=%22hero__title-content CoIOBe nbOMh%22 data-field=%22headline%22>ESTH\u00c9TIQUE ET BIEN-\u00caTRE<br \/><\/span><\/h3>\n<p>\u00a0\u00bb content_last_edited=\u00a0\u00bbon|phone\u00a0\u00bb admin_label=\u00a0\u00bbNOM CLIENT\u00a0\u00bb _builder_version=\u00a0\u00bb4.17.6&Prime; header_font=\u00a0\u00bb|||||on|||\u00a0\u00bb header_text_align=\u00a0\u00bbleft\u00a0\u00bb header_text_color=\u00a0\u00bb#000000&Prime; header_font_size=\u00a0\u00bb48px\u00a0\u00bb custom_margin=\u00a0\u00bb|||\u00a0\u00bb header_font_size_tablet=\u00a0\u00bb36px\u00a0\u00bb header_font_size_phone=\u00a0\u00bb24px\u00a0\u00bb header_font_size_last_edited=\u00a0\u00bbon|tablet\u00a0\u00bb global_colors_info=\u00a0\u00bb{}\u00a0\u00bb]<\/p>\n<h1 style=\"text-align: left;\">INSTITUT FLEUR DE LOTUS<\/h1>\n<h3 class=\"hero__title hY9UDb \"><span class=\"hero__title-content CoIOBe nbOMh\" data-field=\"headline\">ESTH\u00c9TIQUE ET BIEN-\u00caTRE<br \/><\/span><\/h3>\n<p>[\/et_pb_text][et_pb_text admin_label=\u00a0\u00bbDESCRIPTION\u00a0\u00bb _builder_version=\u00a0\u00bb4.16&Prime; global_colors_info=\u00a0\u00bb{}\u00a0\u00bb]<\/p>\n<h3><strong>Votre nouvel institut Esth\u00e9tique et Bien-\u00eatre \u00e0 Puplinge<\/strong><\/h3>\n<p style=\"text-align: justify;\">L\u2019hiver touche \u00e0 sa fin, et m\u00eame si le froid est encore pr\u00e9sent, la lumi\u00e8re revient petit \u00e0 petit et la vie reprend doucement. C\u2019est le moment de sortir de son cocon et de se remettre \u00e0 bouger. Le mouvement du printemps \u00e9nerg\u00e9tique, c\u2019est un \u00e9lan vers la r\u00e9alisation de son propre potentiel. Un nouveau cycle d\u00e9marre, on fait des projets et, m\u00e9lang\u00e9 entre sentiment d\u2019excitation et d\u2019incertitude, on d\u00e9cide de s\u2019y mettre pour les concr\u00e9tiser. Notre corps nous appelle \u00e0 l\u2019action, nous sentons la chaleur et l\u2019\u00e9nergie qui circule. Il est \u00e9galement important d\u2019avoir une bonne activit\u00e9 physique, de pr\u00e9f\u00e9rence \u00e0 l\u2019ext\u00e9rieur pour une bonne oxyg\u00e9nation. Au printemps, les glandes s\u00e9bac\u00e9es s\u00e9cr\u00e8tent plus de s\u00e9bum. Par cons\u00e9quent, la peau et le cuir chevelu ont tendance \u00e0 graisser plus rapidement et les points noirs apparaissent.<\/p>\n<p>[\/et_pb_text][et_pb_button button_url=\u00a0\u00bbhttp:\/\/www.institutfleurdelotus.ch\/\u00a0\u00bb url_new_window=\u00a0\u00bbon\u00a0\u00bb button_text=\u00a0\u00bbSITE INTERNET\u00a0\u00bb admin_label=\u00a0\u00bbBOUTON SITE WEB\u00a0\u00bb _builder_version=\u00a0\u00bb4.16&Prime; global_colors_info=\u00a0\u00bb{}\u00a0\u00bb][\/et_pb_button][et_pb_text admin_label=\u00a0\u00bbCONTACT\u00a0\u00bb _builder_version=\u00a0\u00bb4.16&Prime; global_colors_info=\u00a0\u00bb{}\u00a0\u00bb]<\/p>\n<p>Rue de Fr\u00e9mis 4, CH-1241 Puplinge<br \/>T\u00e9l. 077 492 40 08 &#8211; <a href=\"mailto:letizia@institutfleurdelotus.ch\">letizia@institutfleurdelotus.ch<\/a><\/p>\n<p>[\/et_pb_text][\/et_pb_column][\/et_pb_row][\/et_pb_section][et_pb_section fb_built=\u00a0\u00bb1&Prime; disabled_on=\u00a0\u00bboff|off|off\u00a0\u00bb admin_label=\u00a0\u00bbAgenda\u00a0\u00bb _builder_version=\u00a0\u00bb4.16&Prime; custom_margin=\u00a0\u00bb||\u00a0\u00bb custom_padding=\u00a0\u00bb0px|||||\u00a0\u00bb locked=\u00a0\u00bboff\u00a0\u00bb global_colors_info=\u00a0\u00bb{}\u00a0\u00bb][et_pb_row _builder_version=\u00a0\u00bb4.16&Prime; hover_enabled=\u00a0\u00bb0&Prime; global_colors_info=\u00a0\u00bb{}\u00a0\u00bb sticky_enabled=\u00a0\u00bb0&Prime;][et_pb_column type=\u00a0\u00bb4_4&Prime; _builder_version=\u00a0\u00bb4.16&Prime; custom_padding=\u00a0\u00bb|||\u00a0\u00bb global_colors_info=\u00a0\u00bb{}\u00a0\u00bb custom_padding__hover=\u00a0\u00bb|||\u00a0\u00bb][\/et_pb_column][\/et_pb_row][et_pb_row _builder_version=\u00a0\u00bb4.16&Prime; hover_enabled=\u00a0\u00bb0&Prime; global_colors_info=\u00a0\u00bb{}\u00a0\u00bb sticky_enabled=\u00a0\u00bb0&Prime;][et_pb_column type=\u00a0\u00bb4_4&Prime; _builder_version=\u00a0\u00bb4.16&Prime; custom_padding=\u00a0\u00bb|||\u00a0\u00bb global_colors_info=\u00a0\u00bb{}\u00a0\u00bb custom_padding__hover=\u00a0\u00bb|||\u00a0\u00bb][et_pb_divider _builder_version=\u00a0\u00bb4.16&Prime; custom_margin=\u00a0\u00bb-57px||\u00a0\u00bb custom_margin_tablet=\u00a0\u00bb-44px||\u00a0\u00bb custom_margin_phone=\u00a0\u00bb\u00a0\u00bb custom_margin_last_edited=\u00a0\u00bbon|phone\u00a0\u00bb custom_padding=\u00a0\u00bb0px||\u00a0\u00bb global_colors_info=\u00a0\u00bb{}\u00a0\u00bb][\/et_pb_divider][\/et_pb_column][\/et_pb_row][et_pb_row column_structure=\u00a0\u00bb1_2,1_2&Prime; _builder_version=\u00a0\u00bb4.16&Prime; global_colors_info=\u00a0\u00bb{}\u00a0\u00bb][et_pb_column type=\u00a0\u00bb1_2&Prime; _builder_version=\u00a0\u00bb4.16&Prime; custom_padding=\u00a0\u00bb|||\u00a0\u00bb global_colors_info=\u00a0\u00bb{}\u00a0\u00bb custom_padding__hover=\u00a0\u00bb|||\u00a0\u00bb][et_pb_image src=\u00a0\u00bbhttps:\/\/rivegauche-magazine.ch\/wp-content\/uploads\/2022\/07\/gommage-fond-lotus.png\u00a0\u00bb title_text=\u00a0\u00bbgommage-fond-lotus\u00a0\u00bb _builder_version=\u00a0\u00bb4.17.6&Prime; _module_preset=\u00a0\u00bbdefault\u00a0\u00bb width=\u00a0\u00bb98%\u00a0\u00bb width_tablet=\u00a0\u00bb95%\u00a0\u00bb width_phone=\u00a0\u00bb95%\u00a0\u00bb width_last_edited=\u00a0\u00bbon|phone\u00a0\u00bb global_colors_info=\u00a0\u00bb{}\u00a0\u00bb][\/et_pb_image][\/et_pb_column][et_pb_column type=\u00a0\u00bb1_2&Prime; _builder_version=\u00a0\u00bb4.16&Prime; custom_padding=\u00a0\u00bb|||\u00a0\u00bb global_colors_info=\u00a0\u00bb{}\u00a0\u00bb custom_padding__hover=\u00a0\u00bb|||\u00a0\u00bb][et_pb_text content_tablet=\u00a0\u00bb<\/p>\n<h3 style=%22text-align: left;%22><span style=%22color: #33cccc;%22><strong>COMMENT BIEN PR\u00c9PARER SA PEAU POUR L&rsquo;\u00c9T\u00c9<br \/><\/strong><\/span><\/h3>\n<p>Les trois principes essentiels pour la pr\u00e9paration \u00e0 une exposition prolong\u00e9e au soleil sont : Gommer \/ Hydrater \/ Prot\u00e9ger.<br \/><strong><\/strong><\/p>\n<p><strong>Le gommage :<\/strong> avant et apr\u00e8s l\u2019\u00e9t\u00e9<br \/>Il est votre alli\u00e9 beaut\u00e9 et pr\u00e9pare votre peau au soleil, tout en la d\u00e9barrassant des peaux mortes et en la rendant plus r\u00e9ceptive aux soins cosm\u00e9tiques (cr\u00e8me solaire, hydratante ou raffermissante). Le gommage apporte aussi de la douceur \u00e0 votre peau et prolonge votre bronzage. A vous le toucher soyeux pendant de longues semaines ! En plus de laisser une peau douce et soyeuse, le gommage favorise une bonne circulation sanguine. Il permet en outre de lutter contre la cellulite tout en tonifiant et lissant votre peau.<\/p>\n<p><strong>Bien hydrater votre peau<\/strong><br \/>Il est important de bien hydrater votre peau qui sera ainsi pleinement r\u00e9ceptive aux actifs essentiels pr\u00e9sents dans les diff\u00e9rents soins cosm\u00e9tiques.<\/p>\n<p><strong>Bien prot\u00e9ger votre peau<\/strong><br \/>Il faut la prot\u00e9ger des effets ind\u00e9sirables du soleil avec une cr\u00e8me solaire adapt\u00e9e \u00e0 votre phototype.<\/p>\n<p>\u00a0<\/p>\n<p>\u00a0\u00bb content_phone=\u00a0\u00bb<\/p>\n<h3 style=%22text-align: left;%22><span style=%22color: #33cccc;%22><strong>COMMENT BIEN<br \/>PR\u00c9PARER SA PEAU<br \/>POUR L&rsquo;\u00c9T\u00c9<br \/><\/strong><\/span><\/h3>\n<p>Les trois principes essentiels pour la pr\u00e9paration \u00e0 une exposition prolong\u00e9e au soleil sont : Gommer \/ Hydrater \/ Prot\u00e9ger.<br \/><strong><\/strong><\/p>\n<p><strong>Le gommage :<\/strong> avant et apr\u00e8s l\u2019\u00e9t\u00e9<br \/>Il est votre alli\u00e9 beaut\u00e9 et pr\u00e9pare votre peau au soleil, tout en la d\u00e9barrassant des peaux mortes et en la rendant plus r\u00e9ceptive aux soins cosm\u00e9tiques (cr\u00e8me solaire, hydratante ou raffermissante). Le gommage apporte aussi de la douceur \u00e0 votre peau et prolonge votre bronzage. A vous le toucher soyeux pendant de longues semaines ! En plus de laisser une peau douce et soyeuse, le gommage favorise une bonne circulation sanguine. Il permet en outre de lutter contre la cellulite tout en tonifiant et lissant votre peau.<\/p>\n<p><strong>Bien hydrater votre peau<\/strong><br \/>Il est important de bien hydrater votre peau qui sera ainsi pleinement r\u00e9ceptive aux actifs essentiels pr\u00e9sents dans les diff\u00e9rents soins cosm\u00e9tiques.<\/p>\n<p><strong>Bien prot\u00e9ger votre peau<\/strong><br \/>Il faut la prot\u00e9ger des effets ind\u00e9sirables du soleil avec une cr\u00e8me solaire adapt\u00e9e \u00e0 votre phototype.<\/p>\n<p>\u00a0<\/p>\n<p>\u00a0\u00bb content_last_edited=\u00a0\u00bbon|phone\u00a0\u00bb admin_label=\u00a0\u00bbSOINS VISAGE\u00a0\u00bb _builder_version=\u00a0\u00bb4.17.6&Prime; global_colors_info=\u00a0\u00bb{}\u00a0\u00bb]<\/p>\n<h3 style=\"text-align: left;\"><span style=\"color: #33cccc;\"><strong>COMMENT BIEN PR\u00c9PARER SA PEAU POUR L&rsquo;\u00c9T\u00c9<br \/><\/strong><\/span><\/h3>\n<p>Les trois principes essentiels pour la pr\u00e9paration \u00e0 une exposition prolong\u00e9e au soleil sont : Gommer \/ Hydrater \/ Prot\u00e9ger.<br \/><strong><\/strong><\/p>\n<p><strong>Le\u00a0gommage :<\/strong> avant et apr\u00e8s l\u2019\u00e9t\u00e9<br \/>Il est votre alli\u00e9 beaut\u00e9 et pr\u00e9pare votre peau au soleil, tout en la d\u00e9barrassant des peaux mortes et en la rendant plus r\u00e9ceptive aux soins cosm\u00e9tiques (cr\u00e8me solaire, hydratante ou raffermissante). Le gommage apporte aussi de la douceur \u00e0 votre peau et prolonge votre bronzage. A vous le toucher soyeux pendant de longues semaines ! En plus de laisser une peau douce et soyeuse, le\u00a0gommage\u00a0favorise une bonne\u00a0circulation sanguine. Il permet en outre de lutter contre la\u00a0cellulite\u00a0tout en tonifiant et lissant votre peau.<\/p>\n<p><strong>Bien hydrater votre peau<\/strong><br \/>Il est important de bien hydrater votre peau qui sera ainsi pleinement r\u00e9ceptive aux actifs essentiels pr\u00e9sents dans les diff\u00e9rents soins cosm\u00e9tiques.<\/p>\n<p><strong>Bien prot\u00e9ger votre peau<\/strong><br \/>Il faut la prot\u00e9ger des effets ind\u00e9sirables du soleil avec une cr\u00e8me solaire adapt\u00e9e \u00e0 votre phototype.<\/p>\n<p>&nbsp;<\/p>\n<p>[\/et_pb_text][et_pb_text admin_label=\u00a0\u00bbSOINS CORPS\u00a0\u00bb _builder_version=\u00a0\u00bb4.17.6&Prime; background_color=\u00a0\u00bb#FFFFFF\u00a0\u00bb custom_margin=\u00a0\u00bb-3em||||false|false\u00a0\u00bb custom_margin_tablet=\u00a0\u00bb0em||||false|false\u00a0\u00bb custom_margin_phone=\u00a0\u00bb0em||||false|false\u00a0\u00bb custom_margin_last_edited=\u00a0\u00bbon|tablet\u00a0\u00bb custom_padding=\u00a0\u00bb3em|2em|3em|2em|true|true\u00a0\u00bb custom_padding_tablet=\u00a0\u00bb3em|2em|3em|2em|true|true\u00a0\u00bb custom_padding_phone=\u00a0\u00bb2em|1em|2em|1em|true|true\u00a0\u00bb custom_padding_last_edited=\u00a0\u00bbon|tablet\u00a0\u00bb link_option_url=\u00a0\u00bbhttps:\/\/rivegauche-magazine.ch\/index.php\/gastronomie-recettes\/gratin-de-courgettes\/\u00a0\u00bb border_radii=\u00a0\u00bbon|1px|1px|1px|1px\u00a0\u00bb border_width_all=\u00a0\u00bb1px\u00a0\u00bb border_color_all=\u00a0\u00bb#33cccc\u00a0\u00bb global_colors_info=\u00a0\u00bb{}\u00a0\u00bb]<\/p>\n<h3 style=\"text-align: center;\"><span style=\"color: #33cccc;\"><strong>SOIN GOMMAGE DU CORPS<br \/>1heure (120 CHF)<\/strong><\/span><\/h3>\n<p style=\"text-align: justify;\"><strong>Un gommage r\u00e9alis\u00e9 avec des sels de montagne tr\u00e8s concentr\u00e9s et des huiles essentielles qui vont permettre un effet peau neuve. Ce soin est d\u00e9toxifiant et purifiant, il aura un effet \u00e9nerg\u00e9tique selon vos besoins (hydratation, cellulite, jambes lour-des, manque de fermet\u00e9). Il peut aussi \u00eatre r\u00e9alis\u00e9 avec un peeling \u00e0 la texture huileuse nourrissante au beurre de karit\u00e9 et \u00e0 l\u2019huile de tournesol. Il est suivi d\u2019une application de cr\u00e8me hydratante. Ce qui va offrir confort et souplesse \u00e0 votre peau.<\/strong><\/p>\n<p>[\/et_pb_text][\/et_pb_column][\/et_pb_row][\/et_pb_section][et_pb_section fb_built=\u00a0\u00bb1&Prime; disabled_on=\u00a0\u00bboff|off|off\u00a0\u00bb admin_label=\u00a0\u00bbAgenda\u00a0\u00bb _builder_version=\u00a0\u00bb4.16&Prime; custom_margin=\u00a0\u00bb||\u00a0\u00bb custom_padding=\u00a0\u00bb0px|||||\u00a0\u00bb global_colors_info=\u00a0\u00bb{}\u00a0\u00bb][et_pb_row _builder_version=\u00a0\u00bb4.16&Prime; global_colors_info=\u00a0\u00bb{}\u00a0\u00bb][et_pb_column type=\u00a0\u00bb4_4&Prime; _builder_version=\u00a0\u00bb4.16&Prime; custom_padding=\u00a0\u00bb|||\u00a0\u00bb global_colors_info=\u00a0\u00bb{}\u00a0\u00bb custom_padding__hover=\u00a0\u00bb|||\u00a0\u00bb][et_pb_divider divider_weight=\u00a0\u00bb13px\u00a0\u00bb _builder_version=\u00a0\u00bb4.16&Prime; width=\u00a0\u00bb180px\u00a0\u00bb custom_padding=\u00a0\u00bb|||50px\u00a0\u00bb global_colors_info=\u00a0\u00bb{}\u00a0\u00bb][\/et_pb_divider][et_pb_divider _builder_version=\u00a0\u00bb4.16&Prime; custom_margin=\u00a0\u00bb-57px||\u00a0\u00bb custom_margin_tablet=\u00a0\u00bb-44px||\u00a0\u00bb custom_margin_phone=\u00a0\u00bb\u00a0\u00bb custom_margin_last_edited=\u00a0\u00bbon|phone\u00a0\u00bb custom_padding=\u00a0\u00bb0px||\u00a0\u00bb global_colors_info=\u00a0\u00bb{}\u00a0\u00bb][\/et_pb_divider][\/et_pb_column][\/et_pb_row][et_pb_row column_structure=\u00a0\u00bb1_2,1_2&Prime; admin_label=\u00a0\u00bbTitre Agenda\u00a0\u00bb _builder_version=\u00a0\u00bb4.16&Prime; custom_margin=\u00a0\u00bb||\u00a0\u00bb custom_padding=\u00a0\u00bb0px||0px|||\u00a0\u00bb global_colors_info=\u00a0\u00bb{}\u00a0\u00bb][et_pb_column type=\u00a0\u00bb1_2&Prime; _builder_version=\u00a0\u00bb4.16&Prime; custom_padding=\u00a0\u00bb0px|||\u00a0\u00bb global_colors_info=\u00a0\u00bb{}\u00a0\u00bb custom_padding__hover=\u00a0\u00bb|||\u00a0\u00bb][et_pb_text _builder_version=\u00a0\u00bb4.16&Prime; header_font=\u00a0\u00bbGeorgia||||||||\u00a0\u00bb header_text_color=\u00a0\u00bb#000000&Prime; header_font_size=\u00a0\u00bb48px\u00a0\u00bb custom_margin=\u00a0\u00bb-30px|||50px\u00a0\u00bb header_font_size_tablet=\u00a0\u00bb36px\u00a0\u00bb header_font_size_phone=\u00a0\u00bb24px\u00a0\u00bb header_font_size_last_edited=\u00a0\u00bbon|tablet\u00a0\u00bb global_colors_info=\u00a0\u00bb{}\u00a0\u00bb]<\/p>\n<h1>CONSEILS<\/h1>\n<p>[\/et_pb_text][\/et_pb_column][et_pb_column type=\u00a0\u00bb1_2&Prime; _builder_version=\u00a0\u00bb4.16&Prime; custom_padding=\u00a0\u00bb|||\u00a0\u00bb global_colors_info=\u00a0\u00bb{}\u00a0\u00bb custom_padding__hover=\u00a0\u00bb|||\u00a0\u00bb][et_pb_text _builder_version=\u00a0\u00bb4.16&Prime; text_font=\u00a0\u00bb||||||||\u00a0\u00bb header_font=\u00a0\u00bb||||||||\u00a0\u00bb header_2_font=\u00a0\u00bbTimes New Roman||||||||\u00a0\u00bb global_colors_info=\u00a0\u00bb{}\u00a0\u00bb][\/et_pb_text][\/et_pb_column][\/et_pb_row][et_pb_row column_structure=\u00a0\u00bb1_4,1_4,1_4,1_4&Prime; use_custom_gutter=\u00a0\u00bbon\u00a0\u00bb gutter_width=\u00a0\u00bb2&Prime; _builder_version=\u00a0\u00bb4.16&Prime; custom_padding=\u00a0\u00bb40px|||||\u00a0\u00bb global_colors_info=\u00a0\u00bb{}\u00a0\u00bb][et_pb_column type=\u00a0\u00bb1_4&Prime; _builder_version=\u00a0\u00bb4.16&Prime; custom_padding=\u00a0\u00bb|||\u00a0\u00bb global_colors_info=\u00a0\u00bb{}\u00a0\u00bb custom_padding__hover=\u00a0\u00bb|||\u00a0\u00bb][et_pb_image src=\u00a0\u00bbhttps:\/\/rivegauche-magazine.ch\/wp-content\/uploads\/2021\/06\/3C_Sante\u03012.jpg\u00a0\u00bb title_text=\u00a0\u00bb3C_Sante\u03012&Prime; url=\u00a0\u00bbhttps:\/\/rivegauche-magazine.ch\/index.php\/medical-2\/instant-sante-toujours-fatigue\/\u00a0\u00bb align_tablet=\u00a0\u00bbcenter\u00a0\u00bb align_phone=\u00a0\u00bb\u00a0\u00bb align_last_edited=\u00a0\u00bbon|desktop\u00a0\u00bb _builder_version=\u00a0\u00bb4.16&Prime; global_colors_info=\u00a0\u00bb{}\u00a0\u00bb][\/et_pb_image][et_pb_text admin_label=\u00a0\u00bbTOUJOURS FATIGU\u00c9E\u00a0\u00bb _builder_version=\u00a0\u00bb4.16&Prime; custom_margin=\u00a0\u00bb-15px||||false|false\u00a0\u00bb link_option_url=\u00a0\u00bbhttps:\/\/rivegauche-magazine.ch\/index.php\/medical-2\/instant-sante-toujours-fatigue\/\u00a0\u00bb global_colors_info=\u00a0\u00bb{}\u00a0\u00bb]<\/p>\n<h1 style=\"text-align: right;\">Toujours fatigu\u00e9-e ?<br \/>Quelques solutions&#8230;<\/h1>\n<p>[\/et_pb_text][\/et_pb_column][et_pb_column type=\u00a0\u00bb1_4&Prime; _builder_version=\u00a0\u00bb4.16&Prime; custom_padding=\u00a0\u00bb|||\u00a0\u00bb global_colors_info=\u00a0\u00bb{}\u00a0\u00bb custom_padding__hover=\u00a0\u00bb|||\u00a0\u00bb][et_pb_image src=\u00a0\u00bbhttps:\/\/rivegauche-magazine.ch\/wp-content\/uploads\/2021\/04\/3C_DORN.jpg\u00a0\u00bb title_text=\u00a0\u00bb3C_DORN\u00a0\u00bb url=\u00a0\u00bbhttps:\/\/rivegauche-magazine.ch\/index.php\/beaute-sante-conseils\/la-therapie-des-vertebres\/\u00a0\u00bb align_tablet=\u00a0\u00bbcenter\u00a0\u00bb align_phone=\u00a0\u00bb\u00a0\u00bb align_last_edited=\u00a0\u00bbon|desktop\u00a0\u00bb _builder_version=\u00a0\u00bb4.16&Prime; global_colors_info=\u00a0\u00bb{}\u00a0\u00bb][\/et_pb_image][et_pb_text admin_label=\u00a0\u00bbDORN\u00a0\u00bb _builder_version=\u00a0\u00bb4.16&Prime; custom_margin=\u00a0\u00bb-15px||||false|false\u00a0\u00bb link_option_url=\u00a0\u00bbhttps:\/\/rivegauche-magazine.ch\/index.php\/beaute-sante-conseils\/la-therapie-des-vertebres\/\u00a0\u00bb global_colors_info=\u00a0\u00bb{}\u00a0\u00bb]<\/p>\n<h1 style=\"text-align: right;\">La th\u00e9rapie des vert\u00e8bres<\/h1>\n<h4 style=\"text-align: right;\">Selon DORN<\/h4>\n<p>[\/et_pb_text][\/et_pb_column][et_pb_column type=\u00a0\u00bb1_4&Prime; _builder_version=\u00a0\u00bb4.16&Prime; custom_padding=\u00a0\u00bb|||\u00a0\u00bb global_colors_info=\u00a0\u00bb{}\u00a0\u00bb custom_padding__hover=\u00a0\u00bb|||\u00a0\u00bb][et_pb_image src=\u00a0\u00bbhttps:\/\/rivegauche-magazine.ch\/wp-content\/uploads\/2020\/12\/JAMBESLOURDES3C.jpg\u00a0\u00bb title_text=\u00a0\u00bbJAMBESLOURDES3C\u00a0\u00bb url=\u00a0\u00bbhttps:\/\/rivegauche-magazine.ch\/index.php\/beaute-sante-conseils\/les-bienfaits-des-massages\/\u00a0\u00bb align_tablet=\u00a0\u00bbcenter\u00a0\u00bb align_phone=\u00a0\u00bb\u00a0\u00bb align_last_edited=\u00a0\u00bbon|desktop\u00a0\u00bb _builder_version=\u00a0\u00bb4.16&Prime; global_colors_info=\u00a0\u00bb{}\u00a0\u00bb][\/et_pb_image][et_pb_text admin_label=\u00a0\u00bbBIENFAITS MASSAGES\u00a0\u00bb _builder_version=\u00a0\u00bb4.16&Prime; custom_margin=\u00a0\u00bb-15px||||false|false\u00a0\u00bb link_option_url=\u00a0\u00bbhttps:\/\/rivegauche-magazine.ch\/index.php\/beaute-sante-conseils\/les-bienfaits-des-massages\/\u00a0\u00bb global_colors_info=\u00a0\u00bb{}\u00a0\u00bb]<\/p>\n<h1 style=\"text-align: right;\">Les bienfaits des massages<\/h1>\n<h4 style=\"text-align: right;\">Se relaxer pour aller mieux<\/h4>\n<p>[\/et_pb_text][\/et_pb_column][et_pb_column type=\u00a0\u00bb1_4&Prime; _builder_version=\u00a0\u00bb4.16&Prime; custom_padding=\u00a0\u00bb|||\u00a0\u00bb global_colors_info=\u00a0\u00bb{}\u00a0\u00bb custom_padding__hover=\u00a0\u00bb|||\u00a0\u00bb][et_pb_image src=\u00a0\u00bbhttps:\/\/rivegauche-magazine.ch\/wp-content\/uploads\/2020\/07\/REFLEXOLOGIE-FDL.jpg\u00a0\u00bb url=\u00a0\u00bbhttps:\/\/rivegauche-magazine.ch\/index.php\/divers-animaux\/le-drainage-lymphatique-par-la-reflexologie\/\u00a0\u00bb align_tablet=\u00a0\u00bbcenter\u00a0\u00bb align_phone=\u00a0\u00bb\u00a0\u00bb align_last_edited=\u00a0\u00bbon|desktop\u00a0\u00bb _builder_version=\u00a0\u00bb4.16&Prime; global_colors_info=\u00a0\u00bb{}\u00a0\u00bb][\/et_pb_image][et_pb_text admin_label=\u00a0\u00bbDRAINAGE LYMPHATIQUE\u00a0\u00bb _builder_version=\u00a0\u00bb4.16&Prime; custom_margin=\u00a0\u00bb-15px||||false|false\u00a0\u00bb link_option_url=\u00a0\u00bbhttps:\/\/rivegauche-magazine.ch\/index.php\/divers-animaux\/le-drainage-lymphatique-par-la-reflexologie\/\u00a0\u00bb global_colors_info=\u00a0\u00bb{}\u00a0\u00bb]<\/p>\n<h1 style=\"text-align: right;\">Le drainage lymphatique<\/h1>\n<h4 style=\"text-align: right;\">par la r\u00e9flexologie<\/h4>\n<p>[\/et_pb_text][\/et_pb_column][\/et_pb_row][et_pb_row _builder_version=\u00a0\u00bb4.16&Prime; global_colors_info=\u00a0\u00bb{}\u00a0\u00bb][et_pb_column type=\u00a0\u00bb4_4&Prime; _builder_version=\u00a0\u00bb4.16&Prime; custom_padding=\u00a0\u00bb|||\u00a0\u00bb global_colors_info=\u00a0\u00bb{}\u00a0\u00bb custom_padding__hover=\u00a0\u00bb|||\u00a0\u00bb][et_pb_divider _builder_version=\u00a0\u00bb4.16&Prime; _module_preset=\u00a0\u00bbdefault\u00a0\u00bb global_colors_info=\u00a0\u00bb{}\u00a0\u00bb][\/et_pb_divider][\/et_pb_column][\/et_pb_row][\/et_pb_section]<\/p>\n","protected":false},"excerpt":{"rendered":"<p>INSTITUT FLEUR DE LOTUS ESTH\u00c9TIQUE ET BIEN-\u00caTREVotre nouvel institut Esth\u00e9tique et Bien-\u00eatre \u00e0 Puplinge L\u2019hiver touche \u00e0 sa fin, et m\u00eame si le froid est encore pr\u00e9sent, la lumi\u00e8re revient petit \u00e0 petit et la vie reprend doucement. C\u2019est le moment de sortir de son cocon et de se remettre \u00e0 bouger. Le mouvement du [&hellip;]<\/p>\n","protected":false},"author":2,"featured_media":0,"parent":1352,"menu_order":0,"comment_status":"closed","ping_status":"closed","template":"","meta":{"_et_pb_use_builder":"on","_et_pb_old_content":"","_et_gb_content_width":"","footnotes":""},"class_list":["post-10652","page","type-page","status-publish","hentry"],"_links":{"self":[{"href":"https:\/\/geneve-et-vous-magazine.ch\/index.php\/wp-json\/wp\/v2\/pages\/10652","targetHints":{"allow":["GET"]}}],"collection":[{"href":"https:\/\/geneve-et-vous-magazine.ch\/index.php\/wp-json\/wp\/v2\/pages"}],"about":[{"href":"https:\/\/geneve-et-vous-magazine.ch\/index.php\/wp-json\/wp\/v2\/types\/page"}],"author":[{"embeddable":true,"href":"https:\/\/geneve-et-vous-magazine.ch\/index.php\/wp-json\/wp\/v2\/users\/2"}],"replies":[{"embeddable":true,"href":"https:\/\/geneve-et-vous-magazine.ch\/index.php\/wp-json\/wp\/v2\/comments?post=10652"}],"version-history":[{"count":21,"href":"https:\/\/geneve-et-vous-magazine.ch\/index.php\/wp-json\/wp\/v2\/pages\/10652\/revisions"}],"predecessor-version":[{"id":12072,"href":"https:\/\/geneve-et-vous-magazine.ch\/index.php\/wp-json\/wp\/v2\/pages\/10652\/revisions\/12072"}],"up":[{"embeddable":true,"href":"https:\/\/geneve-et-vous-magazine.ch\/index.php\/wp-json\/wp\/v2\/pages\/1352"}],"wp:attachment":[{"href":"https:\/\/geneve-et-vous-magazine.ch\/index.php\/wp-json\/wp\/v2\/media?parent=10652"}],"curies":[{"name":"wp","href":"https:\/\/api.w.org\/{rel}","templated":true}]}}